{"id":983,"date":"2026-02-21T09:10:34","date_gmt":"2026-02-21T09:10:34","guid":{"rendered":"https:\/\/dev.lumins.tn\/?product=socle-spot-cristale-carre-3ton"},"modified":"2026-02-21T09:15:34","modified_gmt":"2026-02-21T09:15:34","slug":"socle-spot-cristale-carre-3ton","status":"publish","type":"product","link":"https:\/\/dev.lumins.tn\/?product=socle-spot-cristale-carre-3ton","title":{"rendered":"SOCLE SPOT CRISTALE CARRE"},"content":{"rendered":"<p>Le <strong data-start=\"17\" data-end=\"53\">socle Spot Cristale carr\u00e9 3 tons<\/strong> est g\u00e9n\u00e9ralement un support mural ou plafonnier con\u00e7u pour accueillir un spot\u00a0 avec une finition effet cristal\/verre pour un rendu d\u00e9coratif moderne.<\/p>\n<h3 data-start=\"243\" data-end=\"275\">Caract\u00e9ristiques typiques<\/h3>\n<ul data-start=\"276\" data-end=\"543\">\n<li data-start=\"276\" data-end=\"296\">\n<p data-start=\"278\" data-end=\"296\">\u2714\ufe0f Forme : Carr\u00e9<\/p>\n<\/li>\n<li data-start=\"297\" data-end=\"342\">\n<p data-start=\"299\" data-end=\"342\">\u2714\ufe0f Finition : Cristal \/ verre transparent<\/p>\n<\/li>\n<li data-start=\"343\" data-end=\"483\">\n<p data-start=\"345\" data-end=\"401\">\u2714\ufe0f Compatible LED (souvent 3 temp\u00e9ratures de couleur :<\/p>\n<ul data-start=\"404\" data-end=\"483\">\n<li data-start=\"404\" data-end=\"428\">\n<p data-start=\"406\" data-end=\"428\">JAUNE (~3000K)<\/p>\n<\/li>\n<li data-start=\"431\" data-end=\"456\">\n<p data-start=\"433\" data-end=\"456\">LUMIERE DU JOUR\u00a0 (~4000K)<\/p>\n<\/li>\n<li data-start=\"459\" data-end=\"483\">\n<p data-start=\"461\" data-end=\"483\">BLANC\u00a0 \u00a0(~6000K)<\/p>\n<\/li>\n<\/ul>\n<\/li>\n<\/ul>\n","protected":false},"excerpt":{"rendered":"<h3 data-start=\"545\" data-end=\"563\">Utilisation<\/h3>\n<ul data-start=\"564\" data-end=\"614\">\n<li data-start=\"564\" data-end=\"573\">\n<p data-start=\"566\" data-end=\"573\">Salon<\/p>\n<\/li>\n<li data-start=\"574\" data-end=\"585\">\n<p data-start=\"576\" data-end=\"585\">Couloir<\/p>\n<\/li>\n<li data-start=\"586\" data-end=\"597\">\n<p data-start=\"588\" data-end=\"597\">Chambre<\/p>\n<\/li>\n<li data-start=\"598\" data-end=\"614\">\n<p data-start=\"600\" data-end=\"614\">Faux plafond<\/p>\n<\/li>\n<\/ul>\n<p data-start=\"616\" data-end=\"661\">\n","protected":false},"featured_media":939,"comment_status":"open","ping_status":"closed","template":"","meta":{"site-sidebar-layout":"default","site-content-layout":"","ast-site-content-layout":"default","site-content-style":"default","site-sidebar-style":"default","ast-global-header-display":"","ast-banner-title-visibility":"","ast-main-header-display":"","ast-hfb-above-header-display":"","ast-hfb-below-header-display":"","ast-hfb-mobile-header-display":"","site-post-title":"","ast-breadcrumbs-content":"","ast-featured-img":"","footer-sml-layout":"","ast-disable-related-posts":"","theme-transparent-header-meta":"default","adv-header-id-meta":"","stick-header-meta":"","header-above-stick-meta":"","header-main-stick-meta":"","header-below-stick-meta":"","astra-migrate-meta-layouts":"set","ast-page-background-enabled":"default","ast-page-background-meta":{"desktop":{"background-color":"var(--ast-global-color-5)","background-image":"","background-repeat":"repeat","background-position":"center center","background-size":"auto","background-attachment":"scroll","background-type":"","background-media":"","overlay-type":"","overlay-color":"","overlay-opacity":"","overlay-gradient":""},"tablet":{"background-color":"","background-image":"","background-repeat":"repeat","background-position":"center center","background-size":"auto","background-attachment":"scroll","background-type":"","background-media":"","overlay-type":"","overlay-color":"","overlay-opacity":"","overlay-gradient":""},"mobile":{"background-color":"","background-image":"","background-repeat":"repeat","background-position":"center center","background-size":"auto","background-attachment":"scroll","background-type":"","background-media":"","overlay-type":"","overlay-color":"","overlay-opacity":"","overlay-gradient":""}},"ast-content-background-meta":{"desktop":{"background-color":"var(--ast-global-color-4)","background-image":"","background-repeat":"repeat","background-position":"center center","background-size":"auto","background-attachment":"scroll","background-type":"","background-media":"","overlay-type":"","overlay-color":"","overlay-opacity":"","overlay-gradient":""},"tablet":{"background-color":"var(--ast-global-color-4)","background-image":"","background-repeat":"repeat","background-position":"center center","background-size":"auto","background-attachment":"scroll","background-type":"","background-media":"","overlay-type":"","overlay-color":"","overlay-opacity":"","overlay-gradient":""},"mobile":{"background-color":"var(--ast-global-color-4)","background-image":"","background-repeat":"repeat","background-position":"center center","background-size":"auto","background-attachment":"scroll","background-type":"","background-media":"","overlay-type":"","overlay-color":"","overlay-opacity":"","overlay-gradient":""}}},"product_brand":[],"product_cat":[27,29],"product_tag":[72,73],"class_list":{"0":"post-983","1":"product","2":"type-product","3":"status-publish","4":"has-post-thumbnail","6":"product_cat-eclairage","7":"product_cat-socles-spots-mr16","8":"product_tag-chambre","9":"product_tag-salon","10":"desktop-align-left","11":"tablet-align-left","12":"mobile-align-center","14":"first","15":"instock","16":"taxable","17":"shipping-taxable","18":"purchasable","19":"product-type-simple"},"_links":{"self":[{"href":"https:\/\/dev.lumins.tn\/index.php?rest_route=\/wp\/v2\/product\/983","targetHints":{"allow":["GET"]}}],"collection":[{"href":"https:\/\/dev.lumins.tn\/index.php?rest_route=\/wp\/v2\/product"}],"about":[{"href":"https:\/\/dev.lumins.tn\/index.php?rest_route=\/wp\/v2\/types\/product"}],"replies":[{"embeddable":true,"href":"https:\/\/dev.lumins.tn\/index.php?rest_route=%2Fwp%2Fv2%2Fcomments&post=983"}],"version-history":[{"count":2,"href":"https:\/\/dev.lumins.tn\/index.php?rest_route=\/wp\/v2\/product\/983\/revisions"}],"predecessor-version":[{"id":986,"href":"https:\/\/dev.lumins.tn\/index.php?rest_route=\/wp\/v2\/product\/983\/revisions\/986"}],"wp:featuredmedia":[{"embeddable":true,"href":"https:\/\/dev.lumins.tn\/index.php?rest_route=\/wp\/v2\/media\/939"}],"wp:attachment":[{"href":"https:\/\/dev.lumins.tn\/index.php?rest_route=%2Fwp%2Fv2%2Fmedia&parent=983"}],"wp:term":[{"taxonomy":"product_brand","embeddable":true,"href":"https:\/\/dev.lumins.tn\/index.php?rest_route=%2Fwp%2Fv2%2Fproduct_brand&post=983"},{"taxonomy":"product_cat","embeddable":true,"href":"https:\/\/dev.lumins.tn\/index.php?rest_route=%2Fwp%2Fv2%2Fproduct_cat&post=983"},{"taxonomy":"product_tag","embeddable":true,"href":"https:\/\/dev.lumins.tn\/index.php?rest_route=%2Fwp%2Fv2%2Fproduct_tag&post=983"}],"curies":[{"name":"wp","href":"https:\/\/api.w.org\/{rel}","templated":true}]}}