{"id":970,"date":"2026-02-19T11:57:51","date_gmt":"2026-02-19T11:57:51","guid":{"rendered":"https:\/\/dev.lumins.tn\/?product=socle-spot-plat-alluminum-avec-motif-noir-mr16"},"modified":"2026-02-19T12:09:38","modified_gmt":"2026-02-19T12:09:38","slug":"socle-spot-plat-alluminum-avec-motif-noir-mr16","status":"publish","type":"product","link":"https:\/\/dev.lumins.tn\/?product=socle-spot-plat-alluminum-avec-motif-noir-mr16","title":{"rendered":"SOCLE SPOT PLAT ALLUMINUM AVEC MOTIF"},"content":{"rendered":"<p>Le <strong data-start=\"313\" data-end=\"369\">socle spot plat en aluminium\u00a0 (noir &amp; blanc)<\/strong> est un support d\u2019\u00e9clairage encastrable moderne con\u00e7u pour int\u00e9grer une <strong data-start=\"441\" data-end=\"476\">ampoule spot MR16 <\/strong>\u00a0ou <strong data-start=\"480\" data-end=\"488\">GU10<\/strong>, tout en apportant une <strong data-start=\"512\" data-end=\"546\">esth\u00e9tique d\u00e9corative raffin\u00e9e<\/strong>.<\/p>\n","protected":false},"excerpt":{"rendered":"<table class=\"w-fit min-w-(--thread-content-width)\" style=\"height: 260px;\" width=\"5\" data-start=\"642\" data-end=\"1014\">\n<thead data-start=\"642\" data-end=\"672\">\n<tr data-start=\"642\" data-end=\"672\">\n<th class=\"\" data-start=\"642\" data-end=\"658\" data-col-size=\"sm\">\u00c9clairage discret et styl\u00e9 : <strong data-start=\"413\" data-end=\"437\">socle spot rond plat<\/strong> en aluminium avec plexi diffusant,\u00a0 <strong data-start=\"479\" data-end=\"496\">blanc et noir<\/strong>, parfait pour plafonds modernes et d\u00e9coratifs.<\/th>\n<th class=\"\" data-start=\"658\" data-end=\"672\" data-col-size=\"md\"><\/th>\n<\/tr>\n<\/thead>\n<tbody data-start=\"705\" data-end=\"1014\">\n<tr data-start=\"705\" data-end=\"732\">\n<td data-start=\"705\" data-end=\"717\" data-col-size=\"sm\"><\/td>\n<td data-start=\"717\" data-end=\"732\" data-col-size=\"md\"><\/td>\n<\/tr>\n<tr data-start=\"733\" data-end=\"769\">\n<td data-start=\"733\" data-end=\"756\" data-col-size=\"sm\"><\/td>\n<td data-col-size=\"md\" data-start=\"756\" data-end=\"769\"><\/td>\n<\/tr>\n<tr data-start=\"770\" data-end=\"837\">\n<td data-start=\"770\" data-end=\"785\" data-col-size=\"sm\"><\/td>\n<td data-start=\"785\" data-end=\"837\" data-col-size=\"md\"><\/td>\n<\/tr>\n<tr data-start=\"838\" data-end=\"870\">\n<td data-start=\"838\" data-end=\"852\" data-col-size=\"sm\"><\/td>\n<td data-start=\"852\" data-end=\"870\" data-col-size=\"md\"><\/td>\n<\/tr>\n<tr data-start=\"871\" data-end=\"922\">\n<td data-start=\"871\" data-end=\"895\" data-col-size=\"sm\"><\/td>\n<td data-start=\"895\" data-end=\"922\" data-col-size=\"md\"><\/td>\n<\/tr>\n<tr data-start=\"923\" data-end=\"961\">\n<td data-start=\"923\" data-end=\"948\" data-col-size=\"sm\"><\/td>\n<td data-col-size=\"md\" data-start=\"948\" data-end=\"961\"><\/td>\n<\/tr>\n<tr data-start=\"962\" data-end=\"1014\">\n<td data-start=\"962\" data-end=\"987\" data-col-size=\"sm\"><\/td>\n<td data-start=\"987\" data-end=\"1014\" data-col-size=\"md\"><\/td>\n<\/tr>\n<\/tbody>\n<\/table>\n","protected":false},"featured_media":923,"comment_status":"open","ping_status":"closed","template":"","meta":{"site-sidebar-layout":"default","site-content-layout":"","ast-site-content-layout":"default","site-content-style":"default","site-sidebar-style":"default","ast-global-header-display":"","ast-banner-title-visibility":"","ast-main-header-display":"","ast-hfb-above-header-display":"","ast-hfb-below-header-display":"","ast-hfb-mobile-header-display":"","site-post-title":"","ast-breadcrumbs-content":"","ast-featured-img":"","footer-sml-layout":"","ast-disable-related-posts":"","theme-transparent-header-meta":"default","adv-header-id-meta":"","stick-header-meta":"","header-above-stick-meta":"","header-main-stick-meta":"","header-below-stick-meta":"","astra-migrate-meta-layouts":"set","ast-page-background-enabled":"default","ast-page-background-meta":{"desktop":{"background-color":"var(--ast-global-color-5)","background-image":"","background-repeat":"repeat","background-position":"center center","background-size":"auto","background-attachment":"scroll","background-type":"","background-media":"","overlay-type":"","overlay-color":"","overlay-opacity":"","overlay-gradient":""},"tablet":{"background-color":"","background-image":"","background-repeat":"repeat","background-position":"center center","background-size":"auto","background-attachment":"scroll","background-type":"","background-media":"","overlay-type":"","overlay-color":"","overlay-opacity":"","overlay-gradient":""},"mobile":{"background-color":"","background-image":"","background-repeat":"repeat","background-position":"center center","background-size":"auto","background-attachment":"scroll","background-type":"","background-media":"","overlay-type":"","overlay-color":"","overlay-opacity":"","overlay-gradient":""}},"ast-content-background-meta":{"desktop":{"background-color":"var(--ast-global-color-4)","background-image":"","background-repeat":"repeat","background-position":"center center","background-size":"auto","background-attachment":"scroll","background-type":"","background-media":"","overlay-type":"","overlay-color":"","overlay-opacity":"","overlay-gradient":""},"tablet":{"background-color":"var(--ast-global-color-4)","background-image":"","background-repeat":"repeat","background-position":"center center","background-size":"auto","background-attachment":"scroll","background-type":"","background-media":"","overlay-type":"","overlay-color":"","overlay-opacity":"","overlay-gradient":""},"mobile":{"background-color":"var(--ast-global-color-4)","background-image":"","background-repeat":"repeat","background-position":"center center","background-size":"auto","background-attachment":"scroll","background-type":"","background-media":"","overlay-type":"","overlay-color":"","overlay-opacity":"","overlay-gradient":""}}},"product_brand":[],"product_cat":[27,29],"product_tag":[72,74,73],"class_list":{"0":"post-970","1":"product","2":"type-product","3":"status-publish","4":"has-post-thumbnail","6":"product_cat-eclairage","7":"product_cat-socles-spots-mr16","8":"product_tag-chambre","9":"product_tag-cuisine","10":"product_tag-salon","11":"desktop-align-left","12":"tablet-align-left","13":"mobile-align-center","15":"first","16":"instock","17":"taxable","18":"shipping-taxable","19":"purchasable","20":"product-type-simple"},"_links":{"self":[{"href":"https:\/\/dev.lumins.tn\/index.php?rest_route=\/wp\/v2\/product\/970","targetHints":{"allow":["GET"]}}],"collection":[{"href":"https:\/\/dev.lumins.tn\/index.php?rest_route=\/wp\/v2\/product"}],"about":[{"href":"https:\/\/dev.lumins.tn\/index.php?rest_route=\/wp\/v2\/types\/product"}],"replies":[{"embeddable":true,"href":"https:\/\/dev.lumins.tn\/index.php?rest_route=%2Fwp%2Fv2%2Fcomments&post=970"}],"version-history":[{"count":4,"href":"https:\/\/dev.lumins.tn\/index.php?rest_route=\/wp\/v2\/product\/970\/revisions"}],"predecessor-version":[{"id":975,"href":"https:\/\/dev.lumins.tn\/index.php?rest_route=\/wp\/v2\/product\/970\/revisions\/975"}],"wp:featuredmedia":[{"embeddable":true,"href":"https:\/\/dev.lumins.tn\/index.php?rest_route=\/wp\/v2\/media\/923"}],"wp:attachment":[{"href":"https:\/\/dev.lumins.tn\/index.php?rest_route=%2Fwp%2Fv2%2Fmedia&parent=970"}],"wp:term":[{"taxonomy":"product_brand","embeddable":true,"href":"https:\/\/dev.lumins.tn\/index.php?rest_route=%2Fwp%2Fv2%2Fproduct_brand&post=970"},{"taxonomy":"product_cat","embeddable":true,"href":"https:\/\/dev.lumins.tn\/index.php?rest_route=%2Fwp%2Fv2%2Fproduct_cat&post=970"},{"taxonomy":"product_tag","embeddable":true,"href":"https:\/\/dev.lumins.tn\/index.php?rest_route=%2Fwp%2Fv2%2Fproduct_tag&post=970"}],"curies":[{"name":"wp","href":"https:\/\/api.w.org\/{rel}","templated":true}]}}