{"id":966,"date":"2026-02-19T11:37:17","date_gmt":"2026-02-19T11:37:17","guid":{"rendered":"https:\/\/dev.lumins.tn\/?product=socle-alluminum-rond-plexi-blanc-noir"},"modified":"2026-02-19T11:54:39","modified_gmt":"2026-02-19T11:54:39","slug":"socle-alluminum-rond-plexi-blanc-noir","status":"publish","type":"product","link":"https:\/\/dev.lumins.tn\/?product=socle-alluminum-rond-plexi-blanc-noir","title":{"rendered":"SOCLE ALLUMINUM ROND+PLEXI"},"content":{"rendered":"<p>Le <strong data-start=\"195\" data-end=\"235\">Socle Spot Rond en Aluminium + Plexi<\/strong> est un <strong data-start=\"243\" data-end=\"286\">support d\u2019\u00e9clairage encastrable moderne<\/strong>, con\u00e7u pour accueillir une <strong data-start=\"314\" data-end=\"352\">ampoule MR16\u00a0 ou GU10<\/strong>, et apporter une <strong data-start=\"370\" data-end=\"402\">lumi\u00e8re efficace et \u00e9l\u00e9gante<\/strong> dans vos espaces int\u00e9rieurs.<\/p>\n<p data-start=\"1535\" data-end=\"1720\">Design rond moderne et discret<br data-start=\"1567\" data-end=\"1570\" \/>\u2714 Option de finition en <strong data-start=\"1594\" data-end=\"1603\">blanc<\/strong> ou <strong data-start=\"1607\" data-end=\"1615\">noir<\/strong><br data-start=\"1615\" data-end=\"1618\" \/>\u2714 Diffusion douce gr\u00e2ce au <strong data-start=\"1645\" data-end=\"1654\">plexi<\/strong><br data-start=\"1654\" data-end=\"1657\" \/>\u2714 Compatible avec ampoules LED MR16\/GU10<br data-start=\"1697\" data-end=\"1700\" \/>\u2714 Facile \u00e0 installer<\/p>\n","protected":false},"excerpt":{"rendered":"<h3 data-start=\"253\" data-end=\"286\"><\/h3>\n<ul data-start=\"287\" data-end=\"520\">\n<li data-start=\"287\" data-end=\"342\">\n<p data-start=\"289\" data-end=\"342\"><strong data-start=\"289\" data-end=\"302\">Produit :<\/strong> Support \/ socle spot encastrable rond<\/p>\n<\/li>\n<li data-start=\"343\" data-end=\"385\">\n<p data-start=\"345\" data-end=\"385\"><strong data-start=\"345\" data-end=\"370\">Mod\u00e8les disponibles :<\/strong> Blanc | Noir<\/p>\n<\/li>\n<li data-start=\"386\" data-end=\"441\">\n<p data-start=\"388\" data-end=\"441\"><strong data-start=\"388\" data-end=\"399\">Usage :<\/strong> \u00c9clairage int\u00e9rieur encastr\u00e9 au plafond<\/p>\n<\/li>\n<\/ul>\n","protected":false},"featured_media":919,"comment_status":"open","ping_status":"closed","template":"","meta":{"site-sidebar-layout":"default","site-content-layout":"","ast-site-content-layout":"default","site-content-style":"default","site-sidebar-style":"default","ast-global-header-display":"","ast-banner-title-visibility":"","ast-main-header-display":"","ast-hfb-above-header-display":"","ast-hfb-below-header-display":"","ast-hfb-mobile-header-display":"","site-post-title":"","ast-breadcrumbs-content":"","ast-featured-img":"","footer-sml-layout":"","ast-disable-related-posts":"","theme-transparent-header-meta":"default","adv-header-id-meta":"","stick-header-meta":"","header-above-stick-meta":"","header-main-stick-meta":"","header-below-stick-meta":"","astra-migrate-meta-layouts":"set","ast-page-background-enabled":"default","ast-page-background-meta":{"desktop":{"background-color":"var(--ast-global-color-5)","background-image":"","background-repeat":"repeat","background-position":"center center","background-size":"auto","background-attachment":"scroll","background-type":"","background-media":"","overlay-type":"","overlay-color":"","overlay-opacity":"","overlay-gradient":""},"tablet":{"background-color":"","background-image":"","background-repeat":"repeat","background-position":"center center","background-size":"auto","background-attachment":"scroll","background-type":"","background-media":"","overlay-type":"","overlay-color":"","overlay-opacity":"","overlay-gradient":""},"mobile":{"background-color":"","background-image":"","background-repeat":"repeat","background-position":"center center","background-size":"auto","background-attachment":"scroll","background-type":"","background-media":"","overlay-type":"","overlay-color":"","overlay-opacity":"","overlay-gradient":""}},"ast-content-background-meta":{"desktop":{"background-color":"var(--ast-global-color-4)","background-image":"","background-repeat":"repeat","background-position":"center center","background-size":"auto","background-attachment":"scroll","background-type":"","background-media":"","overlay-type":"","overlay-color":"","overlay-opacity":"","overlay-gradient":""},"tablet":{"background-color":"var(--ast-global-color-4)","background-image":"","background-repeat":"repeat","background-position":"center center","background-size":"auto","background-attachment":"scroll","background-type":"","background-media":"","overlay-type":"","overlay-color":"","overlay-opacity":"","overlay-gradient":""},"mobile":{"background-color":"var(--ast-global-color-4)","background-image":"","background-repeat":"repeat","background-position":"center center","background-size":"auto","background-attachment":"scroll","background-type":"","background-media":"","overlay-type":"","overlay-color":"","overlay-opacity":"","overlay-gradient":""}}},"product_brand":[],"product_cat":[27,29],"product_tag":[72,74,73],"class_list":{"0":"post-966","1":"product","2":"type-product","3":"status-publish","4":"has-post-thumbnail","6":"product_cat-eclairage","7":"product_cat-socles-spots-mr16","8":"product_tag-chambre","9":"product_tag-cuisine","10":"product_tag-salon","11":"desktop-align-left","12":"tablet-align-left","13":"mobile-align-center","15":"first","16":"instock","17":"taxable","18":"shipping-taxable","19":"purchasable","20":"product-type-simple"},"_links":{"self":[{"href":"https:\/\/dev.lumins.tn\/index.php?rest_route=\/wp\/v2\/product\/966","targetHints":{"allow":["GET"]}}],"collection":[{"href":"https:\/\/dev.lumins.tn\/index.php?rest_route=\/wp\/v2\/product"}],"about":[{"href":"https:\/\/dev.lumins.tn\/index.php?rest_route=\/wp\/v2\/types\/product"}],"replies":[{"embeddable":true,"href":"https:\/\/dev.lumins.tn\/index.php?rest_route=%2Fwp%2Fv2%2Fcomments&post=966"}],"version-history":[{"count":2,"href":"https:\/\/dev.lumins.tn\/index.php?rest_route=\/wp\/v2\/product\/966\/revisions"}],"predecessor-version":[{"id":968,"href":"https:\/\/dev.lumins.tn\/index.php?rest_route=\/wp\/v2\/product\/966\/revisions\/968"}],"wp:featuredmedia":[{"embeddable":true,"href":"https:\/\/dev.lumins.tn\/index.php?rest_route=\/wp\/v2\/media\/919"}],"wp:attachment":[{"href":"https:\/\/dev.lumins.tn\/index.php?rest_route=%2Fwp%2Fv2%2Fmedia&parent=966"}],"wp:term":[{"taxonomy":"product_brand","embeddable":true,"href":"https:\/\/dev.lumins.tn\/index.php?rest_route=%2Fwp%2Fv2%2Fproduct_brand&post=966"},{"taxonomy":"product_cat","embeddable":true,"href":"https:\/\/dev.lumins.tn\/index.php?rest_route=%2Fwp%2Fv2%2Fproduct_cat&post=966"},{"taxonomy":"product_tag","embeddable":true,"href":"https:\/\/dev.lumins.tn\/index.php?rest_route=%2Fwp%2Fv2%2Fproduct_tag&post=966"}],"curies":[{"name":"wp","href":"https:\/\/api.w.org\/{rel}","templated":true}]}}