{"id":884,"date":"2026-02-17T09:54:49","date_gmt":"2026-02-17T09:54:49","guid":{"rendered":"https:\/\/dev.lumins.tn\/?product=projecteur-smd-50w-proluxe-noir-ip65"},"modified":"2026-02-17T09:57:12","modified_gmt":"2026-02-17T09:57:12","slug":"projecteur-smd-50w-proluxe-noir-ip65","status":"publish","type":"product","link":"https:\/\/dev.lumins.tn\/?product=projecteur-smd-50w-proluxe-noir-ip65","title":{"rendered":"PROJECTEUR SMD 50W PROLUXE NOIR"},"content":{"rendered":"<p>Le <strong data-start=\"51\" data-end=\"95\">Projecteur LED SMD 50W PROLUXE noir IP65<\/strong> est une solution d\u2019\u00e9clairage haute performance con\u00e7ue pour un usage ext\u00e9rieur et professionnel. Puissant, robuste et \u00e9conome en \u00e9nergie, il assure un \u00e9clairage intense et homog\u00e8ne pour s\u00e9curiser et mettre en valeur vos espaces.\u00a0 \u00a0 \u00a0 \u00a0 \u00a0 \u00a0 \u00a0 \u00a0 \u00a0 \u00a0 \u00a0 \u00a0 \u00a0 \u00a0 \u00a0 \u00a0 \u00a0 \u00a0 \u00a0 \u00a0 \u00a0 \u00a0 \u00a0 \u00a0 \u00a0 \u00a0 \u00a0 \u00a0 \u00a0 \u00a0 \u00a0 \u00a0 \u00a0 \u00a0 \u00a0 \u00a0 \u00a0 \u00a0 \u00a0 \u00a0 \u00a0 \u00a0 Id\u00e9al pour fa\u00e7ades, jardins, parkings, chantiers et entrep\u00f4ts<\/p>\n","protected":false},"excerpt":{"rendered":"<h4 data-start=\"325\" data-end=\"359\">Caract\u00e9ristiques techniques :<\/h4>\n<ul data-start=\"360\" data-end=\"738\">\n<li data-start=\"360\" data-end=\"388\">\n<p data-start=\"362\" data-end=\"388\"><strong data-start=\"362\" data-end=\"377\">Puissance :<\/strong> 50 Watts<\/p>\n<\/li>\n<li data-start=\"389\" data-end=\"435\">\n<p data-start=\"391\" data-end=\"435\"><strong data-start=\"391\" data-end=\"408\">Technologie :<\/strong> LED SMD haute luminosit\u00e9<\/p>\n<\/li>\n<li data-start=\"436\" data-end=\"460\">\n<p data-start=\"438\" data-end=\"460\"><strong data-start=\"438\" data-end=\"450\">Marque :<\/strong> PROLUXE<\/p>\n<\/li>\n<li data-start=\"461\" data-end=\"483\">\n<p data-start=\"463\" data-end=\"483\"><strong data-start=\"463\" data-end=\"476\">Couleur :<\/strong> Noir<\/p>\n<\/li>\n<li data-start=\"484\" data-end=\"510\">\n<p data-start=\"486\" data-end=\"510\"><strong data-start=\"486\" data-end=\"499\">Tension :<\/strong> 220V<\/p>\n<\/li>\n<li data-start=\"511\" data-end=\"584\">\n<p data-start=\"513\" data-end=\"584\"><strong data-start=\"513\" data-end=\"539\">Indice de protection :<\/strong> IP65 (r\u00e9sistant \u00e0 l\u2019eau et \u00e0 la poussi\u00e8re)<\/p>\n<\/li>\n<li data-start=\"585\" data-end=\"629\">\n<p data-start=\"587\" data-end=\"629\"><strong data-start=\"587\" data-end=\"605\">Dur\u00e9e de vie :<\/strong> Jusqu\u2019\u00e0 30 000 heures<\/p>\n<\/li>\n<li data-start=\"630\" data-end=\"694\">\n<p data-start=\"632\" data-end=\"694\"><strong data-start=\"632\" data-end=\"646\">Mat\u00e9riau :<\/strong> Corps en aluminium avec vitre en verre tremp\u00e9<\/p>\n<\/li>\n<li data-start=\"695\" data-end=\"738\">\n<p data-start=\"697\" data-end=\"738\"><strong data-start=\"697\" data-end=\"721\">Angle de diffusion :<\/strong> Large faisceau<\/p>\n<\/li>\n<\/ul>\n","protected":false},"featured_media":871,"comment_status":"open","ping_status":"closed","template":"","meta":{"site-sidebar-layout":"default","site-content-layout":"","ast-site-content-layout":"default","site-content-style":"default","site-sidebar-style":"default","ast-global-header-display":"","ast-banner-title-visibility":"","ast-main-header-display":"","ast-hfb-above-header-display":"","ast-hfb-below-header-display":"","ast-hfb-mobile-header-display":"","site-post-title":"","ast-breadcrumbs-content":"","ast-featured-img":"","footer-sml-layout":"","ast-disable-related-posts":"","theme-transparent-header-meta":"default","adv-header-id-meta":"","stick-header-meta":"","header-above-stick-meta":"","header-main-stick-meta":"","header-below-stick-meta":"","astra-migrate-meta-layouts":"set","ast-page-background-enabled":"default","ast-page-background-meta":{"desktop":{"background-color":"var(--ast-global-color-5)","background-image":"","background-repeat":"repeat","background-position":"center center","background-size":"auto","background-attachment":"scroll","background-type":"","background-media":"","overlay-type":"","overlay-color":"","overlay-opacity":"","overlay-gradient":""},"tablet":{"background-color":"","background-image":"","background-repeat":"repeat","background-position":"center center","background-size":"auto","background-attachment":"scroll","background-type":"","background-media":"","overlay-type":"","overlay-color":"","overlay-opacity":"","overlay-gradient":""},"mobile":{"background-color":"","background-image":"","background-repeat":"repeat","background-position":"center center","background-size":"auto","background-attachment":"scroll","background-type":"","background-media":"","overlay-type":"","overlay-color":"","overlay-opacity":"","overlay-gradient":""}},"ast-content-background-meta":{"desktop":{"background-color":"var(--ast-global-color-4)","background-image":"","background-repeat":"repeat","background-position":"center center","background-size":"auto","background-attachment":"scroll","background-type":"","background-media":"","overlay-type":"","overlay-color":"","overlay-opacity":"","overlay-gradient":""},"tablet":{"background-color":"var(--ast-global-color-4)","background-image":"","background-repeat":"repeat","background-position":"center center","background-size":"auto","background-attachment":"scroll","background-type":"","background-media":"","overlay-type":"","overlay-color":"","overlay-opacity":"","overlay-gradient":""},"mobile":{"background-color":"var(--ast-global-color-4)","background-image":"","background-repeat":"repeat","background-position":"center center","background-size":"auto","background-attachment":"scroll","background-type":"","background-media":"","overlay-type":"","overlay-color":"","overlay-opacity":"","overlay-gradient":""}}},"product_brand":[],"product_cat":[31],"product_tag":[66,68],"class_list":{"0":"post-884","1":"product","2":"type-product","3":"status-publish","4":"has-post-thumbnail","6":"product_cat-projecteurs","7":"product_tag-jardin","8":"product_tag-terrasse","9":"desktop-align-left","10":"tablet-align-left","11":"mobile-align-center","13":"first","14":"instock","15":"taxable","16":"shipping-taxable","17":"purchasable","18":"product-type-simple"},"_links":{"self":[{"href":"https:\/\/dev.lumins.tn\/index.php?rest_route=\/wp\/v2\/product\/884","targetHints":{"allow":["GET"]}}],"collection":[{"href":"https:\/\/dev.lumins.tn\/index.php?rest_route=\/wp\/v2\/product"}],"about":[{"href":"https:\/\/dev.lumins.tn\/index.php?rest_route=\/wp\/v2\/types\/product"}],"replies":[{"embeddable":true,"href":"https:\/\/dev.lumins.tn\/index.php?rest_route=%2Fwp%2Fv2%2Fcomments&post=884"}],"version-history":[{"count":2,"href":"https:\/\/dev.lumins.tn\/index.php?rest_route=\/wp\/v2\/product\/884\/revisions"}],"predecessor-version":[{"id":886,"href":"https:\/\/dev.lumins.tn\/index.php?rest_route=\/wp\/v2\/product\/884\/revisions\/886"}],"wp:featuredmedia":[{"embeddable":true,"href":"https:\/\/dev.lumins.tn\/index.php?rest_route=\/wp\/v2\/media\/871"}],"wp:attachment":[{"href":"https:\/\/dev.lumins.tn\/index.php?rest_route=%2Fwp%2Fv2%2Fmedia&parent=884"}],"wp:term":[{"taxonomy":"product_brand","embeddable":true,"href":"https:\/\/dev.lumins.tn\/index.php?rest_route=%2Fwp%2Fv2%2Fproduct_brand&post=884"},{"taxonomy":"product_cat","embeddable":true,"href":"https:\/\/dev.lumins.tn\/index.php?rest_route=%2Fwp%2Fv2%2Fproduct_cat&post=884"},{"taxonomy":"product_tag","embeddable":true,"href":"https:\/\/dev.lumins.tn\/index.php?rest_route=%2Fwp%2Fv2%2Fproduct_tag&post=884"}],"curies":[{"name":"wp","href":"https:\/\/api.w.org\/{rel}","templated":true}]}}