{"id":866,"date":"2026-02-16T14:18:44","date_gmt":"2026-02-16T14:18:44","guid":{"rendered":"https:\/\/dev.lumins.tn\/?product=projecteur-smd-200w-fm-blanc"},"modified":"2026-02-16T14:24:17","modified_gmt":"2026-02-16T14:24:17","slug":"projecteur-smd-200w-fm-blanc","status":"publish","type":"product","link":"https:\/\/dev.lumins.tn\/?product=projecteur-smd-200w-fm-blanc","title":{"rendered":"PROJECTEUR SMD 200W FM BLANC"},"content":{"rendered":"<p>Un <strong data-start=\"275\" data-end=\"312\">projecteur LED SMD 200 W blanc FM<\/strong> est un <strong data-start=\"320\" data-end=\"363\">luminaire d\u2019ext\u00e9rieur \u00e0 haute puissance<\/strong>, con\u00e7u pour offrir une <strong data-start=\"387\" data-end=\"419\">lumi\u00e8re blanche tr\u00e8s intense<\/strong> avec une efficacit\u00e9 \u00e9nerg\u00e9tique \u00e9lev\u00e9e. Gr\u00e2ce \u00e0 la <strong data-start=\"471\" data-end=\"519\">technologie LED SMD <\/strong>, il consomme beaucoup moins qu\u2019un projecteur halog\u00e8ne classique tout en produisant une lumi\u00e8re <strong data-start=\"615\" data-end=\"640\">uniforme et puissante<\/strong>.<\/p>\n","protected":false},"excerpt":{"rendered":"<p data-start=\"643\" data-end=\"693\">Ce type de projecteur est largement utilis\u00e9 pour :<\/p>\n<ul data-start=\"695\" data-end=\"940\">\n<li data-start=\"695\" data-end=\"766\">\n<p data-start=\"697\" data-end=\"766\">\u00c9clairer <strong data-start=\"706\" data-end=\"766\">parkings, terrains, fa\u00e7ades, cours ext\u00e9rieurs et jardins<\/strong><\/p>\n<\/li>\n<li data-start=\"767\" data-end=\"804\">\n<p data-start=\"769\" data-end=\"804\">Zones commerciales ou industrielles<\/p>\n<\/li>\n<li data-start=\"805\" data-end=\"860\">\n<p data-start=\"807\" data-end=\"860\">S\u00e9curit\u00e9 des b\u00e2timents r\u00e9sidentiels ou professionnels<\/p>\n<\/li>\n<li data-start=\"861\" data-end=\"940\">\n<p data-start=\"863\" data-end=\"940\">\u00c9clairage d\u2019\u00e9v\u00e9nements, stades, ateliers, usines ou grands espaces ext\u00e9rieurs<\/p>\n<\/li>\n<\/ul>\n","protected":false},"featured_media":832,"comment_status":"open","ping_status":"closed","template":"","meta":{"site-sidebar-layout":"default","site-content-layout":"","ast-site-content-layout":"default","site-content-style":"default","site-sidebar-style":"default","ast-global-header-display":"","ast-banner-title-visibility":"","ast-main-header-display":"","ast-hfb-above-header-display":"","ast-hfb-below-header-display":"","ast-hfb-mobile-header-display":"","site-post-title":"","ast-breadcrumbs-content":"","ast-featured-img":"","footer-sml-layout":"","ast-disable-related-posts":"","theme-transparent-header-meta":"default","adv-header-id-meta":"","stick-header-meta":"","header-above-stick-meta":"","header-main-stick-meta":"","header-below-stick-meta":"","astra-migrate-meta-layouts":"set","ast-page-background-enabled":"default","ast-page-background-meta":{"desktop":{"background-color":"var(--ast-global-color-5)","background-image":"","background-repeat":"repeat","background-position":"center center","background-size":"auto","background-attachment":"scroll","background-type":"","background-media":"","overlay-type":"","overlay-color":"","overlay-opacity":"","overlay-gradient":""},"tablet":{"background-color":"","background-image":"","background-repeat":"repeat","background-position":"center center","background-size":"auto","background-attachment":"scroll","background-type":"","background-media":"","overlay-type":"","overlay-color":"","overlay-opacity":"","overlay-gradient":""},"mobile":{"background-color":"","background-image":"","background-repeat":"repeat","background-position":"center center","background-size":"auto","background-attachment":"scroll","background-type":"","background-media":"","overlay-type":"","overlay-color":"","overlay-opacity":"","overlay-gradient":""}},"ast-content-background-meta":{"desktop":{"background-color":"var(--ast-global-color-4)","background-image":"","background-repeat":"repeat","background-position":"center center","background-size":"auto","background-attachment":"scroll","background-type":"","background-media":"","overlay-type":"","overlay-color":"","overlay-opacity":"","overlay-gradient":""},"tablet":{"background-color":"var(--ast-global-color-4)","background-image":"","background-repeat":"repeat","background-position":"center center","background-size":"auto","background-attachment":"scroll","background-type":"","background-media":"","overlay-type":"","overlay-color":"","overlay-opacity":"","overlay-gradient":""},"mobile":{"background-color":"var(--ast-global-color-4)","background-image":"","background-repeat":"repeat","background-position":"center center","background-size":"auto","background-attachment":"scroll","background-type":"","background-media":"","overlay-type":"","overlay-color":"","overlay-opacity":"","overlay-gradient":""}}},"product_brand":[],"product_cat":[31],"product_tag":[66,68],"class_list":{"0":"post-866","1":"product","2":"type-product","3":"status-publish","4":"has-post-thumbnail","6":"product_cat-projecteurs","7":"product_tag-jardin","8":"product_tag-terrasse","9":"desktop-align-left","10":"tablet-align-left","11":"mobile-align-center","13":"first","14":"instock","15":"taxable","16":"shipping-taxable","17":"purchasable","18":"product-type-simple"},"_links":{"self":[{"href":"https:\/\/dev.lumins.tn\/index.php?rest_route=\/wp\/v2\/product\/866","targetHints":{"allow":["GET"]}}],"collection":[{"href":"https:\/\/dev.lumins.tn\/index.php?rest_route=\/wp\/v2\/product"}],"about":[{"href":"https:\/\/dev.lumins.tn\/index.php?rest_route=\/wp\/v2\/types\/product"}],"replies":[{"embeddable":true,"href":"https:\/\/dev.lumins.tn\/index.php?rest_route=%2Fwp%2Fv2%2Fcomments&post=866"}],"version-history":[{"count":2,"href":"https:\/\/dev.lumins.tn\/index.php?rest_route=\/wp\/v2\/product\/866\/revisions"}],"predecessor-version":[{"id":868,"href":"https:\/\/dev.lumins.tn\/index.php?rest_route=\/wp\/v2\/product\/866\/revisions\/868"}],"wp:featuredmedia":[{"embeddable":true,"href":"https:\/\/dev.lumins.tn\/index.php?rest_route=\/wp\/v2\/media\/832"}],"wp:attachment":[{"href":"https:\/\/dev.lumins.tn\/index.php?rest_route=%2Fwp%2Fv2%2Fmedia&parent=866"}],"wp:term":[{"taxonomy":"product_brand","embeddable":true,"href":"https:\/\/dev.lumins.tn\/index.php?rest_route=%2Fwp%2Fv2%2Fproduct_brand&post=866"},{"taxonomy":"product_cat","embeddable":true,"href":"https:\/\/dev.lumins.tn\/index.php?rest_route=%2Fwp%2Fv2%2Fproduct_cat&post=866"},{"taxonomy":"product_tag","embeddable":true,"href":"https:\/\/dev.lumins.tn\/index.php?rest_route=%2Fwp%2Fv2%2Fproduct_tag&post=866"}],"curies":[{"name":"wp","href":"https:\/\/api.w.org\/{rel}","templated":true}]}}