{"id":644,"date":"2026-02-12T13:15:08","date_gmt":"2026-02-12T13:15:08","guid":{"rendered":"https:\/\/dev.lumins.tn\/?product=hublot-led-20w-noir-avec-motif-etanche"},"modified":"2026-02-13T14:59:36","modified_gmt":"2026-02-13T14:59:36","slug":"hublot-led-20w-noir-avec-motif-etanche","status":"publish","type":"product","link":"https:\/\/dev.lumins.tn\/?product=hublot-led-20w-noir-avec-motif-etanche","title":{"rendered":"HUBLOT MOTIF LUMINEUX"},"content":{"rendered":"<p>Apportez style et s\u00e9curit\u00e9 \u00e0 vos espaces ext\u00e9rieurs avec ce <strong data-start=\"286\" data-end=\"317\">hublot LED noir 20W \u00e9tanche<\/strong>, d\u00e9cor\u00e9 d\u2019un <strong data-start=\"331\" data-end=\"349\">motif lumineux<\/strong> \u00e9l\u00e9gant. Con\u00e7u pour r\u00e9sister aux intemp\u00e9ries, il diffuse une lumi\u00e8re homog\u00e8ne et chaleureuse, id\u00e9ale pour terrasse, balcon, jardin ou entr\u00e9e. Alliez design moderne et durabilit\u00e9 pour sublimer vos espaces ext\u00e9rieurs.<\/p>\n","protected":false},"excerpt":{"rendered":"<h3 data-start=\"574\" data-end=\"602\"><strong data-start=\"578\" data-end=\"600\">Caract\u00e9ristiques :<\/strong><\/h3>\n<ul data-start=\"603\" data-end=\"971\">\n<li data-start=\"603\" data-end=\"645\">\n<p data-start=\"605\" data-end=\"645\">\u2714\ufe0f Type : Hublot LED ext\u00e9rieur \u00e9tanche<\/p>\n<\/li>\n<li data-start=\"646\" data-end=\"668\">\n<p data-start=\"648\" data-end=\"668\">\u2714\ufe0f Puissance : 20W<\/p>\n<\/li>\n<li data-start=\"669\" data-end=\"690\">\n<p data-start=\"671\" data-end=\"690\">\u2714\ufe0f Couleur : Noir<\/p>\n<\/li>\n<li data-start=\"691\" data-end=\"724\">\n<p data-start=\"693\" data-end=\"724\">\u2714\ufe0f Motif : D\u00e9coratif lumineux<\/p>\n<\/li>\n<li data-start=\"725\" data-end=\"761\">\n<p data-start=\"727\" data-end=\"761\">\u2714\ufe0f Mati\u00e8re : PVC<\/p>\n<\/li>\n<li data-start=\"762\" data-end=\"814\">\n<p data-start=\"764\" data-end=\"814\">\u2714\ufe0f \u00c9tanch\u00e9it\u00e9 : IP65 (r\u00e9sistant aux intemp\u00e9ries)<\/p>\n<\/li>\n<li data-start=\"815\" data-end=\"874\">\n<p data-start=\"817\" data-end=\"874\">\u2714\ufe0f Usage : Ext\u00e9rieur (terrasse, balcon, jardin, entr\u00e9e)<\/p>\n<\/li>\n<li data-start=\"875\" data-end=\"930\">\n<p data-start=\"877\" data-end=\"930\">\u2714\ufe0f Installation : Murale ou plafond, facile \u00e0 fixer<\/p>\n<\/li>\n<li data-start=\"931\" data-end=\"971\">\n<p data-start=\"933\" data-end=\"971\">\u2714\ufe0f Lumi\u00e8re : Homog\u00e8ne et chaleureuse<\/p>\n<\/li>\n<\/ul>\n","protected":false},"featured_media":566,"comment_status":"open","ping_status":"closed","template":"","meta":{"site-sidebar-layout":"default","site-content-layout":"","ast-site-content-layout":"default","site-content-style":"default","site-sidebar-style":"default","ast-global-header-display":"","ast-banner-title-visibility":"","ast-main-header-display":"","ast-hfb-above-header-display":"","ast-hfb-below-header-display":"","ast-hfb-mobile-header-display":"","site-post-title":"","ast-breadcrumbs-content":"","ast-featured-img":"","footer-sml-layout":"","ast-disable-related-posts":"","theme-transparent-header-meta":"default","adv-header-id-meta":"","stick-header-meta":"","header-above-stick-meta":"","header-main-stick-meta":"","header-below-stick-meta":"","astra-migrate-meta-layouts":"set","ast-page-background-enabled":"default","ast-page-background-meta":{"desktop":{"background-color":"var(--ast-global-color-5)","background-image":"","background-repeat":"repeat","background-position":"center center","background-size":"auto","background-attachment":"scroll","background-type":"","background-media":"","overlay-type":"","overlay-color":"","overlay-opacity":"","overlay-gradient":""},"tablet":{"background-color":"","background-image":"","background-repeat":"repeat","background-position":"center center","background-size":"auto","background-attachment":"scroll","background-type":"","background-media":"","overlay-type":"","overlay-color":"","overlay-opacity":"","overlay-gradient":""},"mobile":{"background-color":"","background-image":"","background-repeat":"repeat","background-position":"center center","background-size":"auto","background-attachment":"scroll","background-type":"","background-media":"","overlay-type":"","overlay-color":"","overlay-opacity":"","overlay-gradient":""}},"ast-content-background-meta":{"desktop":{"background-color":"var(--ast-global-color-4)","background-image":"","background-repeat":"repeat","background-position":"center center","background-size":"auto","background-attachment":"scroll","background-type":"","background-media":"","overlay-type":"","overlay-color":"","overlay-opacity":"","overlay-gradient":""},"tablet":{"background-color":"var(--ast-global-color-4)","background-image":"","background-repeat":"repeat","background-position":"center center","background-size":"auto","background-attachment":"scroll","background-type":"","background-media":"","overlay-type":"","overlay-color":"","overlay-opacity":"","overlay-gradient":""},"mobile":{"background-color":"var(--ast-global-color-4)","background-image":"","background-repeat":"repeat","background-position":"center center","background-size":"auto","background-attachment":"scroll","background-type":"","background-media":"","overlay-type":"","overlay-color":"","overlay-opacity":"","overlay-gradient":""}}},"product_brand":[],"product_cat":[34],"product_tag":[66,67],"class_list":{"0":"post-644","1":"product","2":"type-product","3":"status-publish","4":"has-post-thumbnail","6":"product_cat-appliques-exterieures","7":"product_tag-jardin","8":"product_tag-maison","9":"desktop-align-left","10":"tablet-align-left","11":"mobile-align-center","13":"first","14":"instock","15":"taxable","16":"shipping-taxable","17":"purchasable","18":"product-type-simple"},"_links":{"self":[{"href":"https:\/\/dev.lumins.tn\/index.php?rest_route=\/wp\/v2\/product\/644","targetHints":{"allow":["GET"]}}],"collection":[{"href":"https:\/\/dev.lumins.tn\/index.php?rest_route=\/wp\/v2\/product"}],"about":[{"href":"https:\/\/dev.lumins.tn\/index.php?rest_route=\/wp\/v2\/types\/product"}],"replies":[{"embeddable":true,"href":"https:\/\/dev.lumins.tn\/index.php?rest_route=%2Fwp%2Fv2%2Fcomments&post=644"}],"version-history":[{"count":3,"href":"https:\/\/dev.lumins.tn\/index.php?rest_route=\/wp\/v2\/product\/644\/revisions"}],"predecessor-version":[{"id":741,"href":"https:\/\/dev.lumins.tn\/index.php?rest_route=\/wp\/v2\/product\/644\/revisions\/741"}],"wp:featuredmedia":[{"embeddable":true,"href":"https:\/\/dev.lumins.tn\/index.php?rest_route=\/wp\/v2\/media\/566"}],"wp:attachment":[{"href":"https:\/\/dev.lumins.tn\/index.php?rest_route=%2Fwp%2Fv2%2Fmedia&parent=644"}],"wp:term":[{"taxonomy":"product_brand","embeddable":true,"href":"https:\/\/dev.lumins.tn\/index.php?rest_route=%2Fwp%2Fv2%2Fproduct_brand&post=644"},{"taxonomy":"product_cat","embeddable":true,"href":"https:\/\/dev.lumins.tn\/index.php?rest_route=%2Fwp%2Fv2%2Fproduct_cat&post=644"},{"taxonomy":"product_tag","embeddable":true,"href":"https:\/\/dev.lumins.tn\/index.php?rest_route=%2Fwp%2Fv2%2Fproduct_tag&post=644"}],"curies":[{"name":"wp","href":"https:\/\/api.w.org\/{rel}","templated":true}]}}