{"id":592,"date":"2026-02-10T14:54:34","date_gmt":"2026-02-10T14:54:34","guid":{"rendered":"https:\/\/dev.lumins.tn\/?product=applique-2xgu10-carree-rond-nr-bl-gr"},"modified":"2026-02-10T15:05:23","modified_gmt":"2026-02-10T15:05:23","slug":"applique-2xgu10-carree-rond-nr-bl-gr","status":"publish","type":"product","link":"https:\/\/dev.lumins.tn\/?product=applique-2xgu10-carree-rond-nr-bl-gr","title":{"rendered":"APPLIQUE Clair de Mur"},"content":{"rendered":"<p>L\u2019<strong data-start=\"137\" data-end=\"162\">APPLIQUE CLAIR DE MUR<\/strong> est un <strong data-start=\"170\" data-end=\"212\">luminaire mural rond au design moderne<\/strong>, con\u00e7ue pour apporter <strong data-start=\"235\" data-end=\"276\">un \u00e9clairage fonctionnel et d\u00e9coratif<\/strong> \u00e0 vos espaces int\u00e9rieurs ou ext\u00e9rieurs. Son style sobre et \u00e9l\u00e9gant en <strong data-start=\"347\" data-end=\"359\">noir mat<\/strong> s\u2019adapte \u00e0 toutes les d\u00e9corations, du contemporain au classique revisit\u00e9.<\/p>\n","protected":false},"excerpt":{"rendered":"<ul>\n<li data-start=\"462\" data-end=\"521\">\n<p data-start=\"464\" data-end=\"521\"><strong data-start=\"464\" data-end=\"475\">Forme :<\/strong> ronde, pour un rendu harmonieux et moderne.<\/p>\n<\/li>\n<li data-start=\"522\" data-end=\"595\">\n<p data-start=\"524\" data-end=\"595\"><strong data-start=\"524\" data-end=\"537\">Couleur :<\/strong> noir mat, sobre et chic, id\u00e9al pour tous types de murs.<\/p>\n<\/li>\n<li data-start=\"596\" data-end=\"701\">\n<p data-start=\"598\" data-end=\"701\"><strong data-start=\"598\" data-end=\"609\">Style :<\/strong> minimaliste et \u00e9l\u00e9gant, s\u2019int\u00e8gre parfaitement dans un hall, couloir, terrasse ou fa\u00e7ade\u00a0 \u00a0 \u00a0 \u00a0 \u00a0 \u00a0 \u00a0 \u00a0 \u00a0 \u00a0 \u00a0 \u00a0 \u00a0 \u00a0 \u00a0 \u00a0 \u00a0 \u00a0 \u00a0 \u00a0 \u00a0 \u00a0 \u00a0 \u00a0 \u00a0 \u00a0 \u00a0 \u00a0 \u00a0 \u00a0 \u00a0 \u00a0 \u00a0 \u00a0 \u00a0 \u00a0 \u00a0 \u00a0 \u00a0 \u00a0 \u00a0 \u00a0 \u00a0 \u00a0 \u00a0 \u00a0 \u00a0 \u00a0 \u00a0 \u00a0 \u00a0 \u00a0 \u00a0 \u00a0 \u00a0 \u00a0 \u00a0 \u00a0 \u00a0 \u00a0 \u00a0 \u00a0 \u00a0 \u00a0 \u00a0 \u00a0 \u00a0 \u00a0 \u00a0 \u00a0 \u00a0 \u00a0 \u00a0 \u00a0 \u00a0 \u00a0 \u00a0 \u00a0 \u00a0 \u00a0 \u00a0 \u00a0 <strong data-start=\"726\" data-end=\"745\">2 douilles GU10<\/strong> pour permettant un \u00e9clairage puissant et modulable.<\/p>\n<\/li>\n<\/ul>\n","protected":false},"featured_media":548,"comment_status":"open","ping_status":"closed","template":"","meta":{"site-sidebar-layout":"default","site-content-layout":"","ast-site-content-layout":"default","site-content-style":"default","site-sidebar-style":"default","ast-global-header-display":"","ast-banner-title-visibility":"","ast-main-header-display":"","ast-hfb-above-header-display":"","ast-hfb-below-header-display":"","ast-hfb-mobile-header-display":"","site-post-title":"","ast-breadcrumbs-content":"","ast-featured-img":"","footer-sml-layout":"","ast-disable-related-posts":"","theme-transparent-header-meta":"default","adv-header-id-meta":"","stick-header-meta":"","header-above-stick-meta":"","header-main-stick-meta":"","header-below-stick-meta":"","astra-migrate-meta-layouts":"set","ast-page-background-enabled":"default","ast-page-background-meta":{"desktop":{"background-color":"var(--ast-global-color-5)","background-image":"","background-repeat":"repeat","background-position":"center center","background-size":"auto","background-attachment":"scroll","background-type":"","background-media":"","overlay-type":"","overlay-color":"","overlay-opacity":"","overlay-gradient":""},"tablet":{"background-color":"","background-image":"","background-repeat":"repeat","background-position":"center center","background-size":"auto","background-attachment":"scroll","background-type":"","background-media":"","overlay-type":"","overlay-color":"","overlay-opacity":"","overlay-gradient":""},"mobile":{"background-color":"","background-image":"","background-repeat":"repeat","background-position":"center center","background-size":"auto","background-attachment":"scroll","background-type":"","background-media":"","overlay-type":"","overlay-color":"","overlay-opacity":"","overlay-gradient":""}},"ast-content-background-meta":{"desktop":{"background-color":"var(--ast-global-color-4)","background-image":"","background-repeat":"repeat","background-position":"center center","background-size":"auto","background-attachment":"scroll","background-type":"","background-media":"","overlay-type":"","overlay-color":"","overlay-opacity":"","overlay-gradient":""},"tablet":{"background-color":"var(--ast-global-color-4)","background-image":"","background-repeat":"repeat","background-position":"center center","background-size":"auto","background-attachment":"scroll","background-type":"","background-media":"","overlay-type":"","overlay-color":"","overlay-opacity":"","overlay-gradient":""},"mobile":{"background-color":"var(--ast-global-color-4)","background-image":"","background-repeat":"repeat","background-position":"center center","background-size":"auto","background-attachment":"scroll","background-type":"","background-media":"","overlay-type":"","overlay-color":"","overlay-opacity":"","overlay-gradient":""}}},"product_brand":[],"product_cat":[34],"product_tag":[66,67],"class_list":{"0":"post-592","1":"product","2":"type-product","3":"status-publish","4":"has-post-thumbnail","6":"product_cat-appliques-exterieures","7":"product_tag-jardin","8":"product_tag-maison","9":"desktop-align-left","10":"tablet-align-left","11":"mobile-align-center","13":"first","14":"instock","15":"taxable","16":"shipping-taxable","17":"purchasable","18":"product-type-simple"},"_links":{"self":[{"href":"https:\/\/dev.lumins.tn\/index.php?rest_route=\/wp\/v2\/product\/592","targetHints":{"allow":["GET"]}}],"collection":[{"href":"https:\/\/dev.lumins.tn\/index.php?rest_route=\/wp\/v2\/product"}],"about":[{"href":"https:\/\/dev.lumins.tn\/index.php?rest_route=\/wp\/v2\/types\/product"}],"replies":[{"embeddable":true,"href":"https:\/\/dev.lumins.tn\/index.php?rest_route=%2Fwp%2Fv2%2Fcomments&post=592"}],"version-history":[{"count":2,"href":"https:\/\/dev.lumins.tn\/index.php?rest_route=\/wp\/v2\/product\/592\/revisions"}],"predecessor-version":[{"id":594,"href":"https:\/\/dev.lumins.tn\/index.php?rest_route=\/wp\/v2\/product\/592\/revisions\/594"}],"wp:featuredmedia":[{"embeddable":true,"href":"https:\/\/dev.lumins.tn\/index.php?rest_route=\/wp\/v2\/media\/548"}],"wp:attachment":[{"href":"https:\/\/dev.lumins.tn\/index.php?rest_route=%2Fwp%2Fv2%2Fmedia&parent=592"}],"wp:term":[{"taxonomy":"product_brand","embeddable":true,"href":"https:\/\/dev.lumins.tn\/index.php?rest_route=%2Fwp%2Fv2%2Fproduct_brand&post=592"},{"taxonomy":"product_cat","embeddable":true,"href":"https:\/\/dev.lumins.tn\/index.php?rest_route=%2Fwp%2Fv2%2Fproduct_cat&post=592"},{"taxonomy":"product_tag","embeddable":true,"href":"https:\/\/dev.lumins.tn\/index.php?rest_route=%2Fwp%2Fv2%2Fproduct_tag&post=592"}],"curies":[{"name":"wp","href":"https:\/\/api.w.org\/{rel}","templated":true}]}}