{"id":467,"date":"2026-02-09T10:03:02","date_gmt":"2026-02-09T10:03:02","guid":{"rendered":"https:\/\/dev.lumins.tn\/?post_type=product&#038;p=467"},"modified":"2026-02-13T15:06:03","modified_gmt":"2026-02-13T15:06:03","slug":"suspension-gaia-doree","status":"publish","type":"product","link":"https:\/\/dev.lumins.tn\/?product=suspension-gaia-doree","title":{"rendered":"SUSPENSION GA\u00efA DOREE"},"content":{"rendered":"<p data-start=\"180\" data-end=\"418\">La suspension <strong data-start=\"194\" data-end=\"208\">Ga\u00efa Dor\u00e9e<\/strong> s\u00e9duit par l\u2019harmonie de ses lignes et la noblesse de ses mat\u00e9riaux. Son <strong data-start=\"282\" data-end=\"319\">cercle d\u00e9licatement dor\u00e9 de 14 cm<\/strong> accueille une <strong data-start=\"334\" data-end=\"352\">boule en verre<\/strong>, diffuse et lumineuse, qui cr\u00e9e une atmosph\u00e8re douce et raffin\u00e9e.<\/p>\n<p data-start=\"420\" data-end=\"663\">Inspir\u00e9e par l\u2019\u00e9quilibre naturel et la puret\u00e9 des formes, Ga\u00efa Dor\u00e9e apporte une touche chaleureuse et intemporelle \u00e0 tout int\u00e9rieur. Suspendue seule ou en composition, elle sublime aussi bien un espace contemporain qu\u2019un d\u00e9cor plus classique.<\/p>\n<p data-start=\"665\" data-end=\"830\">Alliance subtile du <strong data-start=\"685\" data-end=\"699\">m\u00e9tal dor\u00e9<\/strong> et de la <strong data-start=\"709\" data-end=\"734\">transparence du verre<\/strong>, cette suspension est pens\u00e9e comme un v\u00e9ritable objet d\u00e9coratif, \u00e0 la fois discret et pr\u00e9cieux.<\/p>\n","protected":false},"excerpt":{"rendered":"<ul>\n<li data-start=\"734\" data-end=\"765\">\n<p data-start=\"736\" data-end=\"765\">Type : Suspension lumineuse<\/p>\n<\/li>\n<li data-start=\"766\" data-end=\"812\">\n<p data-start=\"768\" data-end=\"812\">Structure : Cercle en m\u00e9tal finition dor\u00e9e<\/p>\n<\/li>\n<li data-start=\"813\" data-end=\"843\">\n<p data-start=\"815\" data-end=\"843\">Diam\u00e8tre du cercle : 14 cm<\/p>\n<\/li>\n<li data-start=\"844\" data-end=\"874\">\n<p data-start=\"846\" data-end=\"874\">Diffuseur : Boule en verre<\/p>\n<\/li>\n<li data-start=\"875\" data-end=\"917\">\n<p data-start=\"877\" data-end=\"917\">Style : Design contemporain et \u00e9l\u00e9gant<\/p>\n<\/li>\n<li data-start=\"918\" data-end=\"974\">\n<p data-start=\"920\" data-end=\"974\">Utilisation : Salon, salle \u00e0 manger, chambre, entr\u00e9e<\/p>\n<\/li>\n<li data-start=\"975\" data-end=\"1038\">\n<p data-start=\"977\" data-end=\"1038\">Installation : Suspension simple ou en composition multiple\u00a0 \u00a0 \u00a0 \u00a0 \u00a0 \u00a0 \u00a0 \u00a0 \u00a0 \u00a0 \u00a0 \u00a0 \u00a0 \u00a0 \u00a0 \u00a0 \u00a0 \u00a0 \u00a0 \u00a0 \u00a0 \u00a0 \u00a0 \u00a0 \u00a0 \u00a0 \u00a0 \u00a0 \u00a0 \u00a0 \u00a0 \u00a0 \u00a0 \u00a0 \u00a0 \u00a0 \u00a0 \u00a0 \u00a0 \u00a0 \u00a0 \u00a0 \u00a0 \u00a0 \u00a0 \u00a0 \u00a0 \u00a0 \u00a0 \u00a0 \u00a0 \u00a0 \u00a0 \u00a0 \u00a0 \u00a0 \u00a0 \u00a0 \u00a0 \u00a0 \u00a0 \u00a0 \u00a0 \u00a0 \u00a0 \u00a0 \u00a0 \u00a0 \u00a0 \u00a0 \u00a0 \u00a0 \u00a0 \u00a0 \u00a0 \u00a0 \u00a0 \u00a0 \u00a0 \u00a0 \u00a0 \u00a0 \u00a0 \u00a0 \u00a0 \u00a0 \u00a0 \u00a0 Suspension \u00e9l\u00e9gante compos\u00e9e d\u2019un <strong data-start=\"197\" data-end=\"221\">cercle dor\u00e9 de 14 cm<\/strong> et d\u2019une <strong data-start=\"231\" data-end=\"249\">boule en verre<\/strong>. Son design \u00e9pur\u00e9 diffuse une lumi\u00e8re douce et apporte une touche raffin\u00e9e \u00e0 tous les int\u00e9rieurs.<\/p>\n<\/li>\n<\/ul>\n","protected":false},"featured_media":405,"comment_status":"open","ping_status":"closed","template":"","meta":{"site-sidebar-layout":"default","site-content-layout":"","ast-site-content-layout":"default","site-content-style":"default","site-sidebar-style":"default","ast-global-header-display":"","ast-banner-title-visibility":"","ast-main-header-display":"","ast-hfb-above-header-display":"","ast-hfb-below-header-display":"","ast-hfb-mobile-header-display":"","site-post-title":"","ast-breadcrumbs-content":"","ast-featured-img":"","footer-sml-layout":"","ast-disable-related-posts":"","theme-transparent-header-meta":"default","adv-header-id-meta":"","stick-header-meta":"","header-above-stick-meta":"","header-main-stick-meta":"","header-below-stick-meta":"","astra-migrate-meta-layouts":"set","ast-page-background-enabled":"default","ast-page-background-meta":{"desktop":{"background-color":"var(--ast-global-color-5)","background-image":"","background-repeat":"repeat","background-position":"center center","background-size":"auto","background-attachment":"scroll","background-type":"","background-media":"","overlay-type":"","overlay-color":"","overlay-opacity":"","overlay-gradient":""},"tablet":{"background-color":"","background-image":"","background-repeat":"repeat","background-position":"center center","background-size":"auto","background-attachment":"scroll","background-type":"","background-media":"","overlay-type":"","overlay-color":"","overlay-opacity":"","overlay-gradient":""},"mobile":{"background-color":"","background-image":"","background-repeat":"repeat","background-position":"center center","background-size":"auto","background-attachment":"scroll","background-type":"","background-media":"","overlay-type":"","overlay-color":"","overlay-opacity":"","overlay-gradient":""}},"ast-content-background-meta":{"desktop":{"background-color":"var(--ast-global-color-4)","background-image":"","background-repeat":"repeat","background-position":"center center","background-size":"auto","background-attachment":"scroll","background-type":"","background-media":"","overlay-type":"","overlay-color":"","overlay-opacity":"","overlay-gradient":""},"tablet":{"background-color":"var(--ast-global-color-4)","background-image":"","background-repeat":"repeat","background-position":"center center","background-size":"auto","background-attachment":"scroll","background-type":"","background-media":"","overlay-type":"","overlay-color":"","overlay-opacity":"","overlay-gradient":""},"mobile":{"background-color":"var(--ast-global-color-4)","background-image":"","background-repeat":"repeat","background-position":"center center","background-size":"auto","background-attachment":"scroll","background-type":"","background-media":"","overlay-type":"","overlay-color":"","overlay-opacity":"","overlay-gradient":""}}},"product_brand":[],"product_cat":[38],"product_tag":[67],"class_list":{"0":"post-467","1":"product","2":"type-product","3":"status-publish","4":"has-post-thumbnail","6":"product_cat-suspensions","7":"product_tag-maison","8":"desktop-align-left","9":"tablet-align-left","10":"mobile-align-center","12":"first","13":"instock","14":"taxable","15":"shipping-taxable","16":"purchasable","17":"product-type-simple"},"_links":{"self":[{"href":"https:\/\/dev.lumins.tn\/index.php?rest_route=\/wp\/v2\/product\/467","targetHints":{"allow":["GET"]}}],"collection":[{"href":"https:\/\/dev.lumins.tn\/index.php?rest_route=\/wp\/v2\/product"}],"about":[{"href":"https:\/\/dev.lumins.tn\/index.php?rest_route=\/wp\/v2\/types\/product"}],"replies":[{"embeddable":true,"href":"https:\/\/dev.lumins.tn\/index.php?rest_route=%2Fwp%2Fv2%2Fcomments&post=467"}],"version-history":[{"count":2,"href":"https:\/\/dev.lumins.tn\/index.php?rest_route=\/wp\/v2\/product\/467\/revisions"}],"predecessor-version":[{"id":750,"href":"https:\/\/dev.lumins.tn\/index.php?rest_route=\/wp\/v2\/product\/467\/revisions\/750"}],"wp:featuredmedia":[{"embeddable":true,"href":"https:\/\/dev.lumins.tn\/index.php?rest_route=\/wp\/v2\/media\/405"}],"wp:attachment":[{"href":"https:\/\/dev.lumins.tn\/index.php?rest_route=%2Fwp%2Fv2%2Fmedia&parent=467"}],"wp:term":[{"taxonomy":"product_brand","embeddable":true,"href":"https:\/\/dev.lumins.tn\/index.php?rest_route=%2Fwp%2Fv2%2Fproduct_brand&post=467"},{"taxonomy":"product_cat","embeddable":true,"href":"https:\/\/dev.lumins.tn\/index.php?rest_route=%2Fwp%2Fv2%2Fproduct_cat&post=467"},{"taxonomy":"product_tag","embeddable":true,"href":"https:\/\/dev.lumins.tn\/index.php?rest_route=%2Fwp%2Fv2%2Fproduct_tag&post=467"}],"curies":[{"name":"wp","href":"https:\/\/api.w.org\/{rel}","templated":true}]}}