{"id":399,"date":"2026-02-06T14:44:14","date_gmt":"2026-02-06T14:44:14","guid":{"rendered":"https:\/\/dev.lumins.tn\/?post_type=product&#038;p=399"},"modified":"2026-02-13T15:24:07","modified_gmt":"2026-02-13T15:24:07","slug":"lustre-celeste","status":"publish","type":"product","link":"https:\/\/dev.lumins.tn\/?product=lustre-celeste","title":{"rendered":"LUSTRE CELESTE"},"content":{"rendered":"<p>Apportez \u00e9l\u00e9gance et modernit\u00e9 \u00e0 votre int\u00e9rieur avec le <strong data-start=\"236\" data-end=\"259\">Lustre C\u00e9leste Dor\u00e9<\/strong>. Compos\u00e9 de <strong data-start=\"272\" data-end=\"306\">5 boules en verre blanc opaque<\/strong>, il diffuse une lumi\u00e8re douce et chaleureuse, id\u00e9al pour cr\u00e9er une ambiance conviviale dans salons, salles \u00e0 manger ou halls d\u2019entr\u00e9e. Compatible avec des ampoules <strong data-start=\"472\" data-end=\"479\">E27<\/strong>, ce lustre combine style, fonctionnalit\u00e9 et raffinement. Sa finition dor\u00e9e apporte une touche luxueuse, tandis que son design ovale contemporain sublime chaque espace avec sophistication.<\/p>\n","protected":false},"excerpt":{"rendered":"<p data-start=\"669\" data-end=\"691\"><strong data-start=\"669\" data-end=\"691\">Caract\u00e9ristiques :<\/strong><\/p>\n<ul data-start=\"692\" data-end=\"936\">\n<li data-start=\"692\" data-end=\"720\">\n<p data-start=\"694\" data-end=\"720\"><strong data-start=\"694\" data-end=\"716\">Nombre de boules :<\/strong> 5<\/p>\n<\/li>\n<li data-start=\"721\" data-end=\"745\">\n<p data-start=\"723\" data-end=\"745\"><strong data-start=\"723\" data-end=\"737\">Finition :<\/strong> Dor\u00e9e<\/p>\n<\/li>\n<li data-start=\"746\" data-end=\"781\">\n<p data-start=\"748\" data-end=\"781\"><strong data-start=\"748\" data-end=\"760\">Boules :<\/strong> Verre blanc opaque<\/p>\n<\/li>\n<li data-start=\"782\" data-end=\"811\">\n<p data-start=\"784\" data-end=\"811\"><strong data-start=\"784\" data-end=\"805\">Type d\u2019ampoules :<\/strong> E27<\/p>\n<\/li>\n<li data-start=\"812\" data-end=\"843\">\n<p data-start=\"814\" data-end=\"843\"><strong data-start=\"814\" data-end=\"825\">Style :<\/strong> Moderne et chic<\/p>\n<\/li>\n<li data-start=\"844\" data-end=\"902\">\n<p data-start=\"846\" data-end=\"902\"><strong data-start=\"846\" data-end=\"857\">Usage :<\/strong> Int\u00e9rieur \u2013 salons, salles \u00e0 manger, halls<\/p>\n<\/li>\n<li data-start=\"903\" data-end=\"936\">\n<p data-start=\"905\" data-end=\"936\"><strong data-start=\"905\" data-end=\"920\">Mat\u00e9riaux :<\/strong> M\u00e9tal + verre<\/p>\n<\/li>\n<\/ul>\n","protected":false},"featured_media":289,"comment_status":"open","ping_status":"closed","template":"","meta":{"site-sidebar-layout":"default","site-content-layout":"","ast-site-content-layout":"default","site-content-style":"default","site-sidebar-style":"default","ast-global-header-display":"","ast-banner-title-visibility":"","ast-main-header-display":"","ast-hfb-above-header-display":"","ast-hfb-below-header-display":"","ast-hfb-mobile-header-display":"","site-post-title":"","ast-breadcrumbs-content":"","ast-featured-img":"","footer-sml-layout":"","ast-disable-related-posts":"","theme-transparent-header-meta":"default","adv-header-id-meta":"","stick-header-meta":"","header-above-stick-meta":"","header-main-stick-meta":"","header-below-stick-meta":"","astra-migrate-meta-layouts":"set","ast-page-background-enabled":"default","ast-page-background-meta":{"desktop":{"background-color":"var(--ast-global-color-5)","background-image":"","background-repeat":"repeat","background-position":"center center","background-size":"auto","background-attachment":"scroll","background-type":"","background-media":"","overlay-type":"","overlay-color":"","overlay-opacity":"","overlay-gradient":""},"tablet":{"background-color":"","background-image":"","background-repeat":"repeat","background-position":"center center","background-size":"auto","background-attachment":"scroll","background-type":"","background-media":"","overlay-type":"","overlay-color":"","overlay-opacity":"","overlay-gradient":""},"mobile":{"background-color":"","background-image":"","background-repeat":"repeat","background-position":"center center","background-size":"auto","background-attachment":"scroll","background-type":"","background-media":"","overlay-type":"","overlay-color":"","overlay-opacity":"","overlay-gradient":""}},"ast-content-background-meta":{"desktop":{"background-color":"var(--ast-global-color-4)","background-image":"","background-repeat":"repeat","background-position":"center center","background-size":"auto","background-attachment":"scroll","background-type":"","background-media":"","overlay-type":"","overlay-color":"","overlay-opacity":"","overlay-gradient":""},"tablet":{"background-color":"var(--ast-global-color-4)","background-image":"","background-repeat":"repeat","background-position":"center center","background-size":"auto","background-attachment":"scroll","background-type":"","background-media":"","overlay-type":"","overlay-color":"","overlay-opacity":"","overlay-gradient":""},"mobile":{"background-color":"var(--ast-global-color-4)","background-image":"","background-repeat":"repeat","background-position":"center center","background-size":"auto","background-attachment":"scroll","background-type":"","background-media":"","overlay-type":"","overlay-color":"","overlay-opacity":"","overlay-gradient":""}}},"product_brand":[],"product_cat":[37],"product_tag":[67],"class_list":{"0":"post-399","1":"product","2":"type-product","3":"status-publish","4":"has-post-thumbnail","6":"product_cat-lustres","7":"product_tag-maison","8":"desktop-align-left","9":"tablet-align-left","10":"mobile-align-center","12":"first","13":"instock","14":"taxable","15":"shipping-taxable","16":"purchasable","17":"product-type-simple"},"_links":{"self":[{"href":"https:\/\/dev.lumins.tn\/index.php?rest_route=\/wp\/v2\/product\/399","targetHints":{"allow":["GET"]}}],"collection":[{"href":"https:\/\/dev.lumins.tn\/index.php?rest_route=\/wp\/v2\/product"}],"about":[{"href":"https:\/\/dev.lumins.tn\/index.php?rest_route=\/wp\/v2\/types\/product"}],"replies":[{"embeddable":true,"href":"https:\/\/dev.lumins.tn\/index.php?rest_route=%2Fwp%2Fv2%2Fcomments&post=399"}],"version-history":[{"count":2,"href":"https:\/\/dev.lumins.tn\/index.php?rest_route=\/wp\/v2\/product\/399\/revisions"}],"predecessor-version":[{"id":762,"href":"https:\/\/dev.lumins.tn\/index.php?rest_route=\/wp\/v2\/product\/399\/revisions\/762"}],"wp:featuredmedia":[{"embeddable":true,"href":"https:\/\/dev.lumins.tn\/index.php?rest_route=\/wp\/v2\/media\/289"}],"wp:attachment":[{"href":"https:\/\/dev.lumins.tn\/index.php?rest_route=%2Fwp%2Fv2%2Fmedia&parent=399"}],"wp:term":[{"taxonomy":"product_brand","embeddable":true,"href":"https:\/\/dev.lumins.tn\/index.php?rest_route=%2Fwp%2Fv2%2Fproduct_brand&post=399"},{"taxonomy":"product_cat","embeddable":true,"href":"https:\/\/dev.lumins.tn\/index.php?rest_route=%2Fwp%2Fv2%2Fproduct_cat&post=399"},{"taxonomy":"product_tag","embeddable":true,"href":"https:\/\/dev.lumins.tn\/index.php?rest_route=%2Fwp%2Fv2%2Fproduct_tag&post=399"}],"curies":[{"name":"wp","href":"https:\/\/api.w.org\/{rel}","templated":true}]}}