{"id":1478,"date":"2026-03-31T10:20:33","date_gmt":"2026-03-31T10:20:33","guid":{"rendered":"https:\/\/dev.lumins.tn\/?product=suspension-noir-rond-pm-16cm-avec-bandeboule-dore"},"modified":"2026-03-31T10:25:36","modified_gmt":"2026-03-31T10:25:36","slug":"suspension-noir-rond-pm-16cm-avec-bandeboule-dore","status":"publish","type":"product","link":"https:\/\/dev.lumins.tn\/?product=suspension-noir-rond-pm-16cm-avec-bandeboule-dore","title":{"rendered":"SUSPENSION LE PETITE CERCLE NOIR"},"content":{"rendered":"<p data-start=\"166\" data-end=\"397\">Apportez une touche d\u2019\u00e9l\u00e9gance moderne et raffin\u00e9e \u00e0 votre int\u00e9rieur avec cette suspension au design circulaire. Avec son diam\u00e8tre de 16 cm, ce mod\u00e8le compact est id\u00e9al pour sublimer vos espaces tout en restant discret et tendance.<\/p>\n<p data-start=\"399\" data-end=\"699\">Son cercle noir mat, associ\u00e9 \u00e0 une bande lumineuse int\u00e9gr\u00e9e, diffuse une lumi\u00e8re douce et homog\u00e8ne, parfaite pour cr\u00e9er une ambiance chaleureuse et accueillante. La finition avec une boule dor\u00e9e ajoute une note de luxe et de sophistication, faisant de cette suspension un v\u00e9ritable \u00e9l\u00e9ment d\u00e9coratif.<\/p>\n<p data-start=\"701\" data-end=\"918\">Parfaite pour une installation au-dessus d\u2019une table, dans un salon, une chambre ou m\u00eame un espace professionnel, cette suspension s\u2019int\u00e8gre facilement dans diff\u00e9rents styles de d\u00e9coration, du moderne au contemporain.<\/p>\n","protected":false},"excerpt":{"rendered":"<h3 data-section-id=\"5h14dm\" data-start=\"1196\" data-end=\"1223\"><span role=\"text\"> <strong data-start=\"1203\" data-end=\"1223\">Caract\u00e9ristiques<\/strong><\/span><\/h3>\n<ul data-start=\"1224\" data-end=\"1451\">\n<li data-section-id=\"10ca6zu\" data-start=\"1224\" data-end=\"1255\">Type : Suspension lumineuse<\/li>\n<li data-section-id=\"5srrxk\" data-start=\"1256\" data-end=\"1279\">Forme : Cercle rond<\/li>\n<li data-section-id=\"f6bktr\" data-start=\"1280\" data-end=\"1318\">Couleur : Noir avec dor\u00e9e<\/li>\n<li data-section-id=\"1nu8m0d\" data-start=\"1319\" data-end=\"1344\">Diam\u00e8tre : 16 cm (PM)<\/li>\n<li data-section-id=\"1km7tav\" data-start=\"1345\" data-end=\"1385\">\u00c9clairage : Bande lumineuse int\u00e9gr\u00e9e<\/li>\n<li data-section-id=\"15n5ss2\" data-start=\"1386\" data-end=\"1413\">Utilisation : Int\u00e9rieur<\/li>\n<li data-section-id=\"27210l\" data-start=\"1414\" data-end=\"1451\">Installation : Suspension plafond\u00a0 \u00a0 \u00a0 \u00a0 \u00a0 \u00a0 \u00a0 \u00a0 \u00a0 \u00a0 \u00a0 \u00a0 \u00a0 \u00a0 \u00a0 \u00a0 \u00a0 \u00a0 \u00a0 \u00a0 \u00a0 \u00a0 \u00a0 \u00a0 \u00a0 \u00a0 \u00a0 \u00a0 \u00a0 \u00a0 \u00a0 \u00a0 \u00a0 \u00a0 \u00a0 \u00a0 \u00a0 \u00a0 \u00a0 \u00a0 \u00a0 \u00a0 \u00a0 \u00a0 \u00a0 \u00a0 \u00a0 \u00a0 \u00a0 \u00a0 \u00a0 \u00a0 \u00a0 \u00a0 \u00a0 \u00a0 \u00a0 \u00a0 \u00a0 \u00a0 \u00a0 \u00a0 \u00a0 \u00a0 \u00a0 \u00a0 \u00a0 \u00a0 \u00a0 \u00a0 \u00a0 \u00a0 \u00a0 \u00a0 \u00a0 \u00a0 \u00a0 \u00a0 \u00a0 \u00a0 \u00a0 \u00a0 \u00a0 \u00a0 \u00a0 \u00a0 \u00a0 \u00a0 \u00a0 \u00a0 \u00a0 \u00a0 \u00a0 \u00a0 \u00a0 \u00a0 \u00a0 \u00a0 \u00a0 \u00a0 \u00a0 \u00a0 \u00a0 \u00a0 \u00a0 \u00a0 \u00a0 \u00a0 \u00a0 \u00a0 \u00a0 \u00a0 \u00a0 \u00a0 Convient \u00e0 plusieurs styles d\u2019int\u00e9rieur<\/li>\n<\/ul>\n","protected":false},"featured_media":409,"comment_status":"open","ping_status":"closed","template":"","meta":{"site-sidebar-layout":"default","site-content-layout":"","ast-site-content-layout":"default","site-content-style":"default","site-sidebar-style":"default","ast-global-header-display":"","ast-banner-title-visibility":"","ast-main-header-display":"","ast-hfb-above-header-display":"","ast-hfb-below-header-display":"","ast-hfb-mobile-header-display":"","site-post-title":"","ast-breadcrumbs-content":"","ast-featured-img":"","footer-sml-layout":"","ast-disable-related-posts":"","theme-transparent-header-meta":"default","adv-header-id-meta":"","stick-header-meta":"","header-above-stick-meta":"","header-main-stick-meta":"","header-below-stick-meta":"","astra-migrate-meta-layouts":"set","ast-page-background-enabled":"default","ast-page-background-meta":{"desktop":{"background-color":"var(--ast-global-color-5)","background-image":"","background-repeat":"repeat","background-position":"center center","background-size":"auto","background-attachment":"scroll","background-type":"","background-media":"","overlay-type":"","overlay-color":"","overlay-opacity":"","overlay-gradient":""},"tablet":{"background-color":"","background-image":"","background-repeat":"repeat","background-position":"center center","background-size":"auto","background-attachment":"scroll","background-type":"","background-media":"","overlay-type":"","overlay-color":"","overlay-opacity":"","overlay-gradient":""},"mobile":{"background-color":"","background-image":"","background-repeat":"repeat","background-position":"center center","background-size":"auto","background-attachment":"scroll","background-type":"","background-media":"","overlay-type":"","overlay-color":"","overlay-opacity":"","overlay-gradient":""}},"ast-content-background-meta":{"desktop":{"background-color":"var(--ast-global-color-4)","background-image":"","background-repeat":"repeat","background-position":"center center","background-size":"auto","background-attachment":"scroll","background-type":"","background-media":"","overlay-type":"","overlay-color":"","overlay-opacity":"","overlay-gradient":""},"tablet":{"background-color":"var(--ast-global-color-4)","background-image":"","background-repeat":"repeat","background-position":"center center","background-size":"auto","background-attachment":"scroll","background-type":"","background-media":"","overlay-type":"","overlay-color":"","overlay-opacity":"","overlay-gradient":""},"mobile":{"background-color":"var(--ast-global-color-4)","background-image":"","background-repeat":"repeat","background-position":"center center","background-size":"auto","background-attachment":"scroll","background-type":"","background-media":"","overlay-type":"","overlay-color":"","overlay-opacity":"","overlay-gradient":""}}},"product_brand":[],"product_cat":[27,38],"product_tag":[72,81,67,73],"class_list":{"0":"post-1478","1":"product","2":"type-product","3":"status-publish","4":"has-post-thumbnail","6":"product_cat-eclairage","7":"product_cat-suspensions","8":"product_tag-chambre","9":"product_tag-hall-dentree","10":"product_tag-maison","11":"product_tag-salon","12":"desktop-align-left","13":"tablet-align-left","14":"mobile-align-center","16":"first","17":"instock","18":"taxable","19":"shipping-taxable","20":"purchasable","21":"product-type-simple"},"_links":{"self":[{"href":"https:\/\/dev.lumins.tn\/index.php?rest_route=\/wp\/v2\/product\/1478","targetHints":{"allow":["GET"]}}],"collection":[{"href":"https:\/\/dev.lumins.tn\/index.php?rest_route=\/wp\/v2\/product"}],"about":[{"href":"https:\/\/dev.lumins.tn\/index.php?rest_route=\/wp\/v2\/types\/product"}],"replies":[{"embeddable":true,"href":"https:\/\/dev.lumins.tn\/index.php?rest_route=%2Fwp%2Fv2%2Fcomments&post=1478"}],"version-history":[{"count":2,"href":"https:\/\/dev.lumins.tn\/index.php?rest_route=\/wp\/v2\/product\/1478\/revisions"}],"predecessor-version":[{"id":1480,"href":"https:\/\/dev.lumins.tn\/index.php?rest_route=\/wp\/v2\/product\/1478\/revisions\/1480"}],"wp:featuredmedia":[{"embeddable":true,"href":"https:\/\/dev.lumins.tn\/index.php?rest_route=\/wp\/v2\/media\/409"}],"wp:attachment":[{"href":"https:\/\/dev.lumins.tn\/index.php?rest_route=%2Fwp%2Fv2%2Fmedia&parent=1478"}],"wp:term":[{"taxonomy":"product_brand","embeddable":true,"href":"https:\/\/dev.lumins.tn\/index.php?rest_route=%2Fwp%2Fv2%2Fproduct_brand&post=1478"},{"taxonomy":"product_cat","embeddable":true,"href":"https:\/\/dev.lumins.tn\/index.php?rest_route=%2Fwp%2Fv2%2Fproduct_cat&post=1478"},{"taxonomy":"product_tag","embeddable":true,"href":"https:\/\/dev.lumins.tn\/index.php?rest_route=%2Fwp%2Fv2%2Fproduct_tag&post=1478"}],"curies":[{"name":"wp","href":"https:\/\/api.w.org\/{rel}","templated":true}]}}