{"id":1464,"date":"2026-03-31T09:43:09","date_gmt":"2026-03-31T09:43:09","guid":{"rendered":"https:\/\/dev.lumins.tn\/?product=veilleuse-de-bureau-douille-e27"},"modified":"2026-03-31T09:48:02","modified_gmt":"2026-03-31T09:48:02","slug":"veilleuse-de-bureau-douille-e27","status":"publish","type":"product","link":"https:\/\/dev.lumins.tn\/?product=veilleuse-de-bureau-douille-e27","title":{"rendered":"VEILLEUSE DE BUREAU"},"content":{"rendered":"<p data-start=\"118\" data-end=\"371\">Ajoutez une touche de confort et de style \u00e0 votre espace de travail avec cette veilleuse de bureau pratique et \u00e9l\u00e9gante. Con\u00e7ue pour offrir un \u00e9clairage doux et agr\u00e9able, elle est id\u00e9ale pour accompagner vos moments de lecture, de travail ou de d\u00e9tente.<\/p>\n<p data-start=\"373\" data-end=\"694\">Dot\u00e9e d\u2019une douille E27, cette veilleuse est compatible avec une large gamme d\u2019ampoules vous permettant d\u2019adapter l\u2019intensit\u00e9 et l\u2019ambiance lumineuse selon vos besoins. Son design simple et moderne s\u2019int\u00e8gre parfaitement sur un bureau, une table de chevet ou un espace de travail.<\/p>\n<p data-start=\"696\" data-end=\"917\">Facile \u00e0 utiliser, elle constitue une solution d\u2019\u00e9clairage fonctionnelle pour un usage quotidien, que ce soit \u00e0 la maison ou au bureau. Elle offre un \u00e9clairage cibl\u00e9 tout en cr\u00e9ant une atmosph\u00e8re chaleureuse et reposante.<\/p>\n","protected":false},"excerpt":{"rendered":"<h3 data-section-id=\"5h14dm\" data-start=\"1133\" data-end=\"1160\"><span role=\"text\">\ud83d\udd39 <strong data-start=\"1140\" data-end=\"1160\">Caract\u00e9ristiques<\/strong><\/span><\/h3>\n<ul data-start=\"1161\" data-end=\"1293\">\n<li data-section-id=\"1ltbh6r\" data-start=\"1161\" data-end=\"1191\">Type : Veilleuse de bureau<\/li>\n<li data-section-id=\"1wt3x6o\" data-start=\"1192\" data-end=\"1209\">Douille : E27<\/li>\n<li data-section-id=\"15n5ss2\" data-start=\"1210\" data-end=\"1237\">Utilisation : Int\u00e9rieur<\/li>\n<li data-section-id=\"192kf89\" data-start=\"1238\" data-end=\"1263\">Ampoule : Non incluse<\/li>\n<li data-section-id=\"aforuc\" data-start=\"1264\" data-end=\"1293\">Alimentation : \u00c9lectrique<\/li>\n<\/ul>\n","protected":false},"featured_media":1438,"comment_status":"open","ping_status":"closed","template":"","meta":{"site-sidebar-layout":"default","site-content-layout":"","ast-site-content-layout":"default","site-content-style":"default","site-sidebar-style":"default","ast-global-header-display":"","ast-banner-title-visibility":"","ast-main-header-display":"","ast-hfb-above-header-display":"","ast-hfb-below-header-display":"","ast-hfb-mobile-header-display":"","site-post-title":"","ast-breadcrumbs-content":"","ast-featured-img":"","footer-sml-layout":"","ast-disable-related-posts":"","theme-transparent-header-meta":"default","adv-header-id-meta":"","stick-header-meta":"","header-above-stick-meta":"","header-main-stick-meta":"","header-below-stick-meta":"","astra-migrate-meta-layouts":"set","ast-page-background-enabled":"default","ast-page-background-meta":{"desktop":{"background-color":"var(--ast-global-color-5)","background-image":"","background-repeat":"repeat","background-position":"center center","background-size":"auto","background-attachment":"scroll","background-type":"","background-media":"","overlay-type":"","overlay-color":"","overlay-opacity":"","overlay-gradient":""},"tablet":{"background-color":"","background-image":"","background-repeat":"repeat","background-position":"center center","background-size":"auto","background-attachment":"scroll","background-type":"","background-media":"","overlay-type":"","overlay-color":"","overlay-opacity":"","overlay-gradient":""},"mobile":{"background-color":"","background-image":"","background-repeat":"repeat","background-position":"center center","background-size":"auto","background-attachment":"scroll","background-type":"","background-media":"","overlay-type":"","overlay-color":"","overlay-opacity":"","overlay-gradient":""}},"ast-content-background-meta":{"desktop":{"background-color":"var(--ast-global-color-4)","background-image":"","background-repeat":"repeat","background-position":"center center","background-size":"auto","background-attachment":"scroll","background-type":"","background-media":"","overlay-type":"","overlay-color":"","overlay-opacity":"","overlay-gradient":""},"tablet":{"background-color":"var(--ast-global-color-4)","background-image":"","background-repeat":"repeat","background-position":"center center","background-size":"auto","background-attachment":"scroll","background-type":"","background-media":"","overlay-type":"","overlay-color":"","overlay-opacity":"","overlay-gradient":""},"mobile":{"background-color":"var(--ast-global-color-4)","background-image":"","background-repeat":"repeat","background-position":"center center","background-size":"auto","background-attachment":"scroll","background-type":"","background-media":"","overlay-type":"","overlay-color":"","overlay-opacity":"","overlay-gradient":""}}},"product_brand":[],"product_cat":[33,27],"product_tag":[76,72],"class_list":{"0":"post-1464","1":"product","2":"type-product","3":"status-publish","4":"has-post-thumbnail","6":"product_cat-appliques-interieures","7":"product_cat-eclairage","8":"product_tag-bureau","9":"product_tag-chambre","10":"desktop-align-left","11":"tablet-align-left","12":"mobile-align-center","14":"first","15":"instock","16":"taxable","17":"shipping-taxable","18":"purchasable","19":"product-type-simple"},"_links":{"self":[{"href":"https:\/\/dev.lumins.tn\/index.php?rest_route=\/wp\/v2\/product\/1464","targetHints":{"allow":["GET"]}}],"collection":[{"href":"https:\/\/dev.lumins.tn\/index.php?rest_route=\/wp\/v2\/product"}],"about":[{"href":"https:\/\/dev.lumins.tn\/index.php?rest_route=\/wp\/v2\/types\/product"}],"replies":[{"embeddable":true,"href":"https:\/\/dev.lumins.tn\/index.php?rest_route=%2Fwp%2Fv2%2Fcomments&post=1464"}],"version-history":[{"count":2,"href":"https:\/\/dev.lumins.tn\/index.php?rest_route=\/wp\/v2\/product\/1464\/revisions"}],"predecessor-version":[{"id":1466,"href":"https:\/\/dev.lumins.tn\/index.php?rest_route=\/wp\/v2\/product\/1464\/revisions\/1466"}],"wp:featuredmedia":[{"embeddable":true,"href":"https:\/\/dev.lumins.tn\/index.php?rest_route=\/wp\/v2\/media\/1438"}],"wp:attachment":[{"href":"https:\/\/dev.lumins.tn\/index.php?rest_route=%2Fwp%2Fv2%2Fmedia&parent=1464"}],"wp:term":[{"taxonomy":"product_brand","embeddable":true,"href":"https:\/\/dev.lumins.tn\/index.php?rest_route=%2Fwp%2Fv2%2Fproduct_brand&post=1464"},{"taxonomy":"product_cat","embeddable":true,"href":"https:\/\/dev.lumins.tn\/index.php?rest_route=%2Fwp%2Fv2%2Fproduct_cat&post=1464"},{"taxonomy":"product_tag","embeddable":true,"href":"https:\/\/dev.lumins.tn\/index.php?rest_route=%2Fwp%2Fv2%2Fproduct_tag&post=1464"}],"curies":[{"name":"wp","href":"https:\/\/api.w.org\/{rel}","templated":true}]}}