{"id":1361,"date":"2026-03-14T09:42:09","date_gmt":"2026-03-14T09:42:09","guid":{"rendered":"https:\/\/dev.lumins.tn\/?product=plafonier-doree-p40-33cm"},"modified":"2026-03-16T12:44:04","modified_gmt":"2026-03-16T12:44:04","slug":"plafonier-doree-p40-33cm","status":"publish","type":"product","link":"https:\/\/dev.lumins.tn\/?product=plafonier-doree-p40-33cm","title":{"rendered":"PLAFONIER GOLDGLOW 33CM"},"content":{"rendered":"<p class=\"isSelectedEnd\">Le <strong>plafonnier GOLDGLOW dor\u00e9 <\/strong>\u00a0apporte une touche moderne et \u00e9l\u00e9gante \u00e0 votre int\u00e9rieur. Avec son design raffin\u00e9 et sa finition dor\u00e9e, il illumine parfaiteme <strong>R\u00e9daction<\/strong>nt vos espaces tout en ajoutant une note de luxe et de style.<\/p>\n<p class=\"isSelectedEnd\">D\u2019un diam\u00e8tre de <strong>33 cm<\/strong>, ce plafonnier est id\u00e9al pour le salon, la chambre, le couloir ou le bureau. Gr\u00e2ce \u00e0 la technologie , il offre <strong>3 tons de lumi\u00e8re<\/strong> (blanc chaud, Jaune et Lumiere du jour) pour s\u2019adapter \u00e0 toutes les ambiances et \u00e0 tous les moments de la journ\u00e9e.<\/p>\n<p>Son \u00e9clairage LED est <strong>\u00e9conomique, durable et puissant<\/strong>, assurant une excellente diffusion de la lumi\u00e8re tout en r\u00e9duisant la consommation d\u2019\u00e9nergie.<\/p>\n","protected":false},"excerpt":{"rendered":"<p class=\"isSelectedEnd\"><strong>Caract\u00e9ristiques :<\/strong><\/p>\n<ul data-spread=\"false\">\n<li>\n<p class=\"isSelectedEnd\">Mod\u00e8le : GOLDGLOW<\/p>\n<\/li>\n<li>\n<p class=\"isSelectedEnd\">Couleur : Dor\u00e9<\/p>\n<\/li>\n<li>\n<p class=\"isSelectedEnd\">Diam\u00e8tre : 33 cm<\/p>\n<\/li>\n<li>\n<p class=\"isSelectedEnd\">\u00c9clairage : 3 tons (blanc\/ jaune\/ lumiere du jour)<\/p>\n<\/li>\n<li>\n<p class=\"isSelectedEnd\">Type : Plafonnier LED moderne<\/p>\n<\/li>\n<li>Utilisation : Salon, chambre, couloir, bureau<\/li>\n<\/ul>\n","protected":false},"featured_media":1312,"comment_status":"open","ping_status":"closed","template":"","meta":{"site-sidebar-layout":"default","site-content-layout":"","ast-site-content-layout":"default","site-content-style":"default","site-sidebar-style":"default","ast-global-header-display":"","ast-banner-title-visibility":"","ast-main-header-display":"","ast-hfb-above-header-display":"","ast-hfb-below-header-display":"","ast-hfb-mobile-header-display":"","site-post-title":"","ast-breadcrumbs-content":"","ast-featured-img":"","footer-sml-layout":"","ast-disable-related-posts":"","theme-transparent-header-meta":"default","adv-header-id-meta":"","stick-header-meta":"","header-above-stick-meta":"","header-main-stick-meta":"","header-below-stick-meta":"","astra-migrate-meta-layouts":"set","ast-page-background-enabled":"default","ast-page-background-meta":{"desktop":{"background-color":"var(--ast-global-color-5)","background-image":"","background-repeat":"repeat","background-position":"center center","background-size":"auto","background-attachment":"scroll","background-type":"","background-media":"","overlay-type":"","overlay-color":"","overlay-opacity":"","overlay-gradient":""},"tablet":{"background-color":"","background-image":"","background-repeat":"repeat","background-position":"center center","background-size":"auto","background-attachment":"scroll","background-type":"","background-media":"","overlay-type":"","overlay-color":"","overlay-opacity":"","overlay-gradient":""},"mobile":{"background-color":"","background-image":"","background-repeat":"repeat","background-position":"center center","background-size":"auto","background-attachment":"scroll","background-type":"","background-media":"","overlay-type":"","overlay-color":"","overlay-opacity":"","overlay-gradient":""}},"ast-content-background-meta":{"desktop":{"background-color":"var(--ast-global-color-4)","background-image":"","background-repeat":"repeat","background-position":"center center","background-size":"auto","background-attachment":"scroll","background-type":"","background-media":"","overlay-type":"","overlay-color":"","overlay-opacity":"","overlay-gradient":""},"tablet":{"background-color":"var(--ast-global-color-4)","background-image":"","background-repeat":"repeat","background-position":"center center","background-size":"auto","background-attachment":"scroll","background-type":"","background-media":"","overlay-type":"","overlay-color":"","overlay-opacity":"","overlay-gradient":""},"mobile":{"background-color":"var(--ast-global-color-4)","background-image":"","background-repeat":"repeat","background-position":"center center","background-size":"auto","background-attachment":"scroll","background-type":"","background-media":"","overlay-type":"","overlay-color":"","overlay-opacity":"","overlay-gradient":""}}},"product_brand":[],"product_cat":[27,41],"product_tag":[76,72,81,73],"class_list":{"0":"post-1361","1":"product","2":"type-product","3":"status-publish","4":"has-post-thumbnail","6":"product_cat-eclairage","7":"product_cat-plafonnier","8":"product_tag-bureau","9":"product_tag-chambre","10":"product_tag-hall-dentree","11":"product_tag-salon","12":"desktop-align-left","13":"tablet-align-left","14":"mobile-align-center","16":"first","17":"instock","18":"taxable","19":"shipping-taxable","20":"purchasable","21":"product-type-simple"},"_links":{"self":[{"href":"https:\/\/dev.lumins.tn\/index.php?rest_route=\/wp\/v2\/product\/1361","targetHints":{"allow":["GET"]}}],"collection":[{"href":"https:\/\/dev.lumins.tn\/index.php?rest_route=\/wp\/v2\/product"}],"about":[{"href":"https:\/\/dev.lumins.tn\/index.php?rest_route=\/wp\/v2\/types\/product"}],"replies":[{"embeddable":true,"href":"https:\/\/dev.lumins.tn\/index.php?rest_route=%2Fwp%2Fv2%2Fcomments&post=1361"}],"version-history":[{"count":3,"href":"https:\/\/dev.lumins.tn\/index.php?rest_route=\/wp\/v2\/product\/1361\/revisions"}],"predecessor-version":[{"id":1390,"href":"https:\/\/dev.lumins.tn\/index.php?rest_route=\/wp\/v2\/product\/1361\/revisions\/1390"}],"wp:featuredmedia":[{"embeddable":true,"href":"https:\/\/dev.lumins.tn\/index.php?rest_route=\/wp\/v2\/media\/1312"}],"wp:attachment":[{"href":"https:\/\/dev.lumins.tn\/index.php?rest_route=%2Fwp%2Fv2%2Fmedia&parent=1361"}],"wp:term":[{"taxonomy":"product_brand","embeddable":true,"href":"https:\/\/dev.lumins.tn\/index.php?rest_route=%2Fwp%2Fv2%2Fproduct_brand&post=1361"},{"taxonomy":"product_cat","embeddable":true,"href":"https:\/\/dev.lumins.tn\/index.php?rest_route=%2Fwp%2Fv2%2Fproduct_cat&post=1361"},{"taxonomy":"product_tag","embeddable":true,"href":"https:\/\/dev.lumins.tn\/index.php?rest_route=%2Fwp%2Fv2%2Fproduct_tag&post=1361"}],"curies":[{"name":"wp","href":"https:\/\/api.w.org\/{rel}","templated":true}]}}