{"id":1353,"date":"2026-03-13T12:15:58","date_gmt":"2026-03-13T12:15:58","guid":{"rendered":"https:\/\/dev.lumins.tn\/?product=lampe-18w-e27-fm-3000k-4000k-6500k-12000k"},"modified":"2026-03-13T12:28:15","modified_gmt":"2026-03-13T12:28:15","slug":"lampe-18w-e27-fm-3000k-4000k-6500k-12000k","status":"publish","type":"product","link":"https:\/\/dev.lumins.tn\/?product=lampe-18w-e27-fm-3000k-4000k-6500k-12000k","title":{"rendered":"LAMPE 18W E27 FM"},"content":{"rendered":"<h3 data-section-id=\"o9ra9q\" data-start=\"183\" data-end=\"225\"><\/h3>\n<p data-start=\"227\" data-end=\"623\"><strong data-start=\"227\" data-end=\"251\">LAMPE LED 18W E27 FM<\/strong> est une <strong data-start=\"260\" data-end=\"304\">ampoule LED puissante<\/strong>\u00a0con\u00e7ue pour l\u2019\u00e9clairage g\u00e9n\u00e9ral des espaces int\u00e9rieurs. Elle se visse sur une douille standard <strong data-start=\"400\" data-end=\"407\">E27<\/strong> et fournit une lumi\u00e8re intense tout en consommant seulement <strong data-start=\"468\" data-end=\"480\">18 watts<\/strong>, ce qui permet de r\u00e9duire la consommation \u00e9lectrique par rapport aux anciennes ampoules \u00e0 incandescence.<\/p>\n","protected":false},"excerpt":{"rendered":"<h3 data-section-id=\"w0jzbe\" data-start=\"630\" data-end=\"666\"><strong data-start=\"634\" data-end=\"666\">Caract\u00e9ristiques principales<\/strong><\/h3>\n<ul data-start=\"667\" data-end=\"1553\">\n<li data-section-id=\"15c6fmp\" data-start=\"667\" data-end=\"707\">\n<p data-start=\"669\" data-end=\"707\"><strong data-start=\"669\" data-end=\"679\">Type :<\/strong> Lampe LED \u00e0 usage g\u00e9n\u00e9ral<\/p>\n<\/li>\n<li data-section-id=\"sfmepx\" data-start=\"708\" data-end=\"746\">\n<p data-start=\"710\" data-end=\"746\"><strong data-start=\"710\" data-end=\"721\">Culot :<\/strong> <strong data-start=\"722\" data-end=\"729\">E27<\/strong><\/p>\n<\/li>\n<li data-section-id=\"q4x66e\" data-start=\"747\" data-end=\"775\">\n<p data-start=\"749\" data-end=\"775\"><strong data-start=\"749\" data-end=\"764\">Puissance :<\/strong> <strong data-start=\"765\" data-end=\"773\">18\u202fW<\/strong><\/p>\n<\/li>\n<li data-section-id=\"ltjiaq\" data-start=\"913\" data-end=\"1241\">\n<p data-start=\"915\" data-end=\"958\"><strong data-start=\"915\" data-end=\"956\">Temp\u00e9ratures de couleur disponibles :<\/strong><\/p>\n<ul data-start=\"961\" data-end=\"1241\">\n<li data-section-id=\"19o60wn\" data-start=\"961\" data-end=\"1018\">\n<p data-start=\"963\" data-end=\"1018\"><strong data-start=\"963\" data-end=\"973\">3000\u202fK<\/strong> \u2014 lumi\u00e8re du jour<\/p>\n<\/li>\n<li data-section-id=\"uawxrb\" data-start=\"1021\" data-end=\"1084\">\n<p data-start=\"1023\" data-end=\"1084\"><strong data-start=\"1023\" data-end=\"1033\">4000\u202fK<\/strong> \u2014 lumi\u00e8re <b>Jaune<\/b><\/p>\n<\/li>\n<li data-section-id=\"1v4i9sp\" data-start=\"1087\" data-end=\"1153\">\n<p data-start=\"1089\" data-end=\"1153\"><strong data-start=\"1089\" data-end=\"1099\">6500\u202fK<\/strong> \u2014 lumi\u00e8re <strong data-start=\"1110\" data-end=\"1132\">blanc froid\u00a0<\/strong><\/p>\n<\/li>\n<li data-section-id=\"pyaaci\" data-start=\"1156\" data-end=\"1241\">\n<p data-start=\"1158\" data-end=\"1241\"><strong data-start=\"1158\" data-end=\"1169\">12000\u202fK<\/strong> \u2014 lumi\u00e8re <strong data-start=\"1180\" data-end=\"1205\">tr\u00e8s froide \/ bleut\u00e9e<\/strong> (effet tr\u00e8s lumineux et frappant)<\/p>\n<\/li>\n<\/ul>\n<\/li>\n<\/ul>\n","protected":false},"featured_media":1258,"comment_status":"open","ping_status":"closed","template":"","meta":{"site-sidebar-layout":"default","site-content-layout":"","ast-site-content-layout":"default","site-content-style":"default","site-sidebar-style":"default","ast-global-header-display":"","ast-banner-title-visibility":"","ast-main-header-display":"","ast-hfb-above-header-display":"","ast-hfb-below-header-display":"","ast-hfb-mobile-header-display":"","site-post-title":"","ast-breadcrumbs-content":"","ast-featured-img":"","footer-sml-layout":"","ast-disable-related-posts":"","theme-transparent-header-meta":"default","adv-header-id-meta":"","stick-header-meta":"","header-above-stick-meta":"","header-main-stick-meta":"","header-below-stick-meta":"","astra-migrate-meta-layouts":"set","ast-page-background-enabled":"default","ast-page-background-meta":{"desktop":{"background-color":"var(--ast-global-color-5)","background-image":"","background-repeat":"repeat","background-position":"center center","background-size":"auto","background-attachment":"scroll","background-type":"","background-media":"","overlay-type":"","overlay-color":"","overlay-opacity":"","overlay-gradient":""},"tablet":{"background-color":"","background-image":"","background-repeat":"repeat","background-position":"center center","background-size":"auto","background-attachment":"scroll","background-type":"","background-media":"","overlay-type":"","overlay-color":"","overlay-opacity":"","overlay-gradient":""},"mobile":{"background-color":"","background-image":"","background-repeat":"repeat","background-position":"center center","background-size":"auto","background-attachment":"scroll","background-type":"","background-media":"","overlay-type":"","overlay-color":"","overlay-opacity":"","overlay-gradient":""}},"ast-content-background-meta":{"desktop":{"background-color":"var(--ast-global-color-4)","background-image":"","background-repeat":"repeat","background-position":"center center","background-size":"auto","background-attachment":"scroll","background-type":"","background-media":"","overlay-type":"","overlay-color":"","overlay-opacity":"","overlay-gradient":""},"tablet":{"background-color":"var(--ast-global-color-4)","background-image":"","background-repeat":"repeat","background-position":"center center","background-size":"auto","background-attachment":"scroll","background-type":"","background-media":"","overlay-type":"","overlay-color":"","overlay-opacity":"","overlay-gradient":""},"mobile":{"background-color":"var(--ast-global-color-4)","background-image":"","background-repeat":"repeat","background-position":"center center","background-size":"auto","background-attachment":"scroll","background-type":"","background-media":"","overlay-type":"","overlay-color":"","overlay-opacity":"","overlay-gradient":""}}},"product_brand":[],"product_cat":[27,28],"product_tag":[76,72,74,73],"class_list":{"0":"post-1353","1":"product","2":"type-product","3":"status-publish","4":"has-post-thumbnail","6":"product_cat-eclairage","7":"product_cat-lampes-et-tubes","8":"product_tag-bureau","9":"product_tag-chambre","10":"product_tag-cuisine","11":"product_tag-salon","12":"desktop-align-left","13":"tablet-align-left","14":"mobile-align-center","16":"first","17":"instock","18":"taxable","19":"shipping-taxable","20":"purchasable","21":"product-type-simple"},"_links":{"self":[{"href":"https:\/\/dev.lumins.tn\/index.php?rest_route=\/wp\/v2\/product\/1353","targetHints":{"allow":["GET"]}}],"collection":[{"href":"https:\/\/dev.lumins.tn\/index.php?rest_route=\/wp\/v2\/product"}],"about":[{"href":"https:\/\/dev.lumins.tn\/index.php?rest_route=\/wp\/v2\/types\/product"}],"replies":[{"embeddable":true,"href":"https:\/\/dev.lumins.tn\/index.php?rest_route=%2Fwp%2Fv2%2Fcomments&post=1353"}],"version-history":[{"count":2,"href":"https:\/\/dev.lumins.tn\/index.php?rest_route=\/wp\/v2\/product\/1353\/revisions"}],"predecessor-version":[{"id":1355,"href":"https:\/\/dev.lumins.tn\/index.php?rest_route=\/wp\/v2\/product\/1353\/revisions\/1355"}],"wp:featuredmedia":[{"embeddable":true,"href":"https:\/\/dev.lumins.tn\/index.php?rest_route=\/wp\/v2\/media\/1258"}],"wp:attachment":[{"href":"https:\/\/dev.lumins.tn\/index.php?rest_route=%2Fwp%2Fv2%2Fmedia&parent=1353"}],"wp:term":[{"taxonomy":"product_brand","embeddable":true,"href":"https:\/\/dev.lumins.tn\/index.php?rest_route=%2Fwp%2Fv2%2Fproduct_brand&post=1353"},{"taxonomy":"product_cat","embeddable":true,"href":"https:\/\/dev.lumins.tn\/index.php?rest_route=%2Fwp%2Fv2%2Fproduct_cat&post=1353"},{"taxonomy":"product_tag","embeddable":true,"href":"https:\/\/dev.lumins.tn\/index.php?rest_route=%2Fwp%2Fv2%2Fproduct_tag&post=1353"}],"curies":[{"name":"wp","href":"https:\/\/api.w.org\/{rel}","templated":true}]}}