{"id":1342,"date":"2026-03-13T11:54:40","date_gmt":"2026-03-13T11:54:40","guid":{"rendered":"https:\/\/dev.lumins.tn\/?product=lampe-smart-ledvence-6w-filament"},"modified":"2026-03-13T11:57:26","modified_gmt":"2026-03-13T11:57:26","slug":"lampe-smart-ledvence-6w-filament","status":"publish","type":"product","link":"https:\/\/dev.lumins.tn\/?product=lampe-smart-ledvence-6w-filament","title":{"rendered":"LAMPE SMART LEDVENCE 6W FILAMENT"},"content":{"rendered":"<p><strong data-start=\"54\" data-end=\"90\">Lampe SMART LEDVANCE 6W Filament<\/strong> est une ampoule LED d\u00e9corative au style filament classique, int\u00e9grant une technologie d\u2019\u00e9clairage intelligent. Elle permet un contr\u00f4le \u00e0 distance via application mobile ou assistants vocaux pour ajuster l\u2019\u00e9clairage selon les besoins.<\/p>\n","protected":false},"excerpt":{"rendered":"<h3 data-section-id=\"haviiy\" data-start=\"328\" data-end=\"360\">Caract\u00e9ristiques principales<\/h3>\n<ul data-start=\"361\" data-end=\"925\">\n<li data-section-id=\"ywq2zk\" data-start=\"361\" data-end=\"407\">\n<p data-start=\"363\" data-end=\"407\"><strong data-start=\"363\" data-end=\"373\">Type :<\/strong> lampe LED filament intelligente<\/p>\n<\/li>\n<li data-section-id=\"unmpna\" data-start=\"408\" data-end=\"431\">\n<p data-start=\"410\" data-end=\"431\"><strong data-start=\"410\" data-end=\"425\">Puissance :<\/strong> 6 W<\/p>\n<\/li>\n<li data-section-id=\"1f1nthv\" data-start=\"432\" data-end=\"451\">\n<p data-start=\"434\" data-end=\"451\"><strong data-start=\"434\" data-end=\"445\">Culot :<\/strong> E27<\/p>\n<\/li>\n<li data-section-id=\"yqks1\" data-start=\"559\" data-end=\"659\">\n<p data-start=\"561\" data-end=\"659\"><strong data-start=\"561\" data-end=\"589\">Temp\u00e9rature de couleur :<\/strong> 3000<strong data-start=\"602\" data-end=\"619\">K\u00a0 \u00a0 \u00a0 \u00a0 \u00a0 \u00a0 \u00a0 \u00a0 \u00a0 \u00a0 \u00a0 \u00a0 \u00a0 \u00a0 \u00a0 \u00a0 \u00a0 \u00a0 \u00a0 \u00a0 \u00a0 \u00a0 \u00a0 \u00a0 \u00a0 \u00a0 \u00a0 \u00a0 \u00a0 \u00a0 \u00a0 \u00a0 \u00a0 \u00a0 \u00a0 \u00a0 \u00a0 \u00a0 \u00a0 \u00a0 \u00a0 \u00a0 \u00a0 \u00a0 \u00a0 \u00a0 \u00a0 \u00a0 \u00a0 \u00a0 \u00a0 \u00a0 \u00a0 \u00a0 \u00a0 \u00a0 \u00a0 \u00a0 \u00a0 \u00a0 \u00a0 \u00a0 \u00a0 \u00a0 \u00a0 \u00a0 \u00a0 \u00a0 \u00a0 \u00a0 \u00a0 \u00a0 \u00a0 \u00a0 \u00a0 \u00a0 \u00a0 \u00a0 \u00a0 \u00a0 \u00a0 \u00a0 \u00a0 \u00a0 \u00a0 \u00a0 \u00a0 \u00a0 \u00a0 \u00a0 \u00a0 \u00a0 \u00a0 \u00a0 \u00a0 \u00a0 \u00a0 \u00a0 \u00a0 \u00a0 \u00a0 \u00a0 \u00a0<\/strong><\/p>\n<p data-start=\"1336\" data-end=\"1355\">\u2705 <strong data-start=\"1338\" data-end=\"1353\">Avantages :<\/strong><\/p>\n<ul data-start=\"1356\" data-end=\"1476\">\n<li data-section-id=\"wlty8b\" data-start=\"1356\" data-end=\"1378\">\n<p data-start=\"1358\" data-end=\"1378\">\u00e9conomie d\u2019\u00e9nergie<\/p>\n<\/li>\n<li data-section-id=\"15edgb9\" data-start=\"1379\" data-end=\"1414\">\n<p data-start=\"1381\" data-end=\"1414\">contr\u00f4le intelligent \u00e0 distance<\/p>\n<\/li>\n<li data-section-id=\"1wjcqud\" data-start=\"1415\" data-end=\"1452\">\n<p data-start=\"1417\" data-end=\"1452\">design filament vintage d\u00e9coratif<\/p>\n<\/li>\n<li data-section-id=\"1xvn3fq\" data-start=\"1453\" data-end=\"1476\">\n<p data-start=\"1455\" data-end=\"1476\">longue dur\u00e9e de vie<\/p>\n<\/li>\n<\/ul>\n<\/li>\n<\/ul>\n","protected":false},"featured_media":1260,"comment_status":"open","ping_status":"closed","template":"","meta":{"site-sidebar-layout":"default","site-content-layout":"","ast-site-content-layout":"default","site-content-style":"default","site-sidebar-style":"default","ast-global-header-display":"","ast-banner-title-visibility":"","ast-main-header-display":"","ast-hfb-above-header-display":"","ast-hfb-below-header-display":"","ast-hfb-mobile-header-display":"","site-post-title":"","ast-breadcrumbs-content":"","ast-featured-img":"","footer-sml-layout":"","ast-disable-related-posts":"","theme-transparent-header-meta":"default","adv-header-id-meta":"","stick-header-meta":"","header-above-stick-meta":"","header-main-stick-meta":"","header-below-stick-meta":"","astra-migrate-meta-layouts":"set","ast-page-background-enabled":"default","ast-page-background-meta":{"desktop":{"background-color":"var(--ast-global-color-5)","background-image":"","background-repeat":"repeat","background-position":"center center","background-size":"auto","background-attachment":"scroll","background-type":"","background-media":"","overlay-type":"","overlay-color":"","overlay-opacity":"","overlay-gradient":""},"tablet":{"background-color":"","background-image":"","background-repeat":"repeat","background-position":"center center","background-size":"auto","background-attachment":"scroll","background-type":"","background-media":"","overlay-type":"","overlay-color":"","overlay-opacity":"","overlay-gradient":""},"mobile":{"background-color":"","background-image":"","background-repeat":"repeat","background-position":"center center","background-size":"auto","background-attachment":"scroll","background-type":"","background-media":"","overlay-type":"","overlay-color":"","overlay-opacity":"","overlay-gradient":""}},"ast-content-background-meta":{"desktop":{"background-color":"var(--ast-global-color-4)","background-image":"","background-repeat":"repeat","background-position":"center center","background-size":"auto","background-attachment":"scroll","background-type":"","background-media":"","overlay-type":"","overlay-color":"","overlay-opacity":"","overlay-gradient":""},"tablet":{"background-color":"var(--ast-global-color-4)","background-image":"","background-repeat":"repeat","background-position":"center center","background-size":"auto","background-attachment":"scroll","background-type":"","background-media":"","overlay-type":"","overlay-color":"","overlay-opacity":"","overlay-gradient":""},"mobile":{"background-color":"var(--ast-global-color-4)","background-image":"","background-repeat":"repeat","background-position":"center center","background-size":"auto","background-attachment":"scroll","background-type":"","background-media":"","overlay-type":"","overlay-color":"","overlay-opacity":"","overlay-gradient":""}}},"product_brand":[],"product_cat":[27,28],"product_tag":[76,72,74,73],"class_list":{"0":"post-1342","1":"product","2":"type-product","3":"status-publish","4":"has-post-thumbnail","6":"product_cat-eclairage","7":"product_cat-lampes-et-tubes","8":"product_tag-bureau","9":"product_tag-chambre","10":"product_tag-cuisine","11":"product_tag-salon","12":"desktop-align-left","13":"tablet-align-left","14":"mobile-align-center","16":"first","17":"instock","18":"taxable","19":"shipping-taxable","20":"purchasable","21":"product-type-simple"},"_links":{"self":[{"href":"https:\/\/dev.lumins.tn\/index.php?rest_route=\/wp\/v2\/product\/1342","targetHints":{"allow":["GET"]}}],"collection":[{"href":"https:\/\/dev.lumins.tn\/index.php?rest_route=\/wp\/v2\/product"}],"about":[{"href":"https:\/\/dev.lumins.tn\/index.php?rest_route=\/wp\/v2\/types\/product"}],"replies":[{"embeddable":true,"href":"https:\/\/dev.lumins.tn\/index.php?rest_route=%2Fwp%2Fv2%2Fcomments&post=1342"}],"version-history":[{"count":2,"href":"https:\/\/dev.lumins.tn\/index.php?rest_route=\/wp\/v2\/product\/1342\/revisions"}],"predecessor-version":[{"id":1344,"href":"https:\/\/dev.lumins.tn\/index.php?rest_route=\/wp\/v2\/product\/1342\/revisions\/1344"}],"wp:featuredmedia":[{"embeddable":true,"href":"https:\/\/dev.lumins.tn\/index.php?rest_route=\/wp\/v2\/media\/1260"}],"wp:attachment":[{"href":"https:\/\/dev.lumins.tn\/index.php?rest_route=%2Fwp%2Fv2%2Fmedia&parent=1342"}],"wp:term":[{"taxonomy":"product_brand","embeddable":true,"href":"https:\/\/dev.lumins.tn\/index.php?rest_route=%2Fwp%2Fv2%2Fproduct_brand&post=1342"},{"taxonomy":"product_cat","embeddable":true,"href":"https:\/\/dev.lumins.tn\/index.php?rest_route=%2Fwp%2Fv2%2Fproduct_cat&post=1342"},{"taxonomy":"product_tag","embeddable":true,"href":"https:\/\/dev.lumins.tn\/index.php?rest_route=%2Fwp%2Fv2%2Fproduct_tag&post=1342"}],"curies":[{"name":"wp","href":"https:\/\/api.w.org\/{rel}","templated":true}]}}