{"id":1332,"date":"2026-03-13T10:02:05","date_gmt":"2026-03-13T10:02:05","guid":{"rendered":"https:\/\/dev.lumins.tn\/?product=lampe-filament-4w-e27"},"modified":"2026-03-13T11:47:58","modified_gmt":"2026-03-13T11:47:58","slug":"lampe-filament-4w-e27","status":"publish","type":"product","link":"https:\/\/dev.lumins.tn\/?product=lampe-filament-4w-e27","title":{"rendered":"LAMPE FILAMENT 4W E27"},"content":{"rendered":"<p><strong data-start=\"103\" data-end=\"145\">Ampoule LED filament 4W avec culot E27<\/strong>, au design d\u00e9coratif et discret. Elle reproduit l\u2019apparence des anciennes ampoules \u00e0 filament tout en utilisant la technologie LED pour r\u00e9duire la consommation d\u2019\u00e9nergie. Elle diffuse une lumi\u00e8re chaude et douce id\u00e9ale pour cr\u00e9er une ambiance confortable dans une pi\u00e8ce.<\/p>\n","protected":false},"excerpt":{"rendered":"<h3 data-section-id=\"haviiy\" data-start=\"420\" data-end=\"452\">Caract\u00e9ristiques principales<\/h3>\n<ul data-start=\"453\" data-end=\"916\">\n<li data-section-id=\"1y7suu0\" data-start=\"453\" data-end=\"488\">\n<p data-start=\"455\" data-end=\"488\"><strong data-start=\"455\" data-end=\"465\">Type :<\/strong> ampoule LED filament<\/p>\n<\/li>\n<li data-section-id=\"t5omf9\" data-start=\"489\" data-end=\"523\">\n<p data-start=\"491\" data-end=\"523\"><strong data-start=\"491\" data-end=\"502\">Culot :<\/strong> E27<\/p>\n<\/li>\n<li data-section-id=\"up1ges\" data-start=\"524\" data-end=\"547\">\n<p data-start=\"526\" data-end=\"547\"><strong data-start=\"526\" data-end=\"541\">Puissance :<\/strong> 4 W<\/p>\n<\/li>\n<li data-section-id=\"1j9y76l\" data-start=\"548\" data-end=\"635\">\n<p data-start=\"550\" data-end=\"635\"><strong data-start=\"550\" data-end=\"566\">Luminosit\u00e9 :<\/strong> environ <strong data-start=\"575\" data-end=\"595\">320 \u00e0 470 lumens<\/strong><\/p>\n<\/li>\n<li data-section-id=\"1p6dvx3\" data-start=\"636\" data-end=\"732\">\n<p data-start=\"638\" data-end=\"732\"><strong data-start=\"638\" data-end=\"662\">Couleur de lumi\u00e8re :<\/strong> Jaune <strong data-start=\"675\" data-end=\"692\">2700K \u2013 3000K<\/strong><\/p>\n<\/li>\n<\/ul>\n","protected":false},"featured_media":1256,"comment_status":"open","ping_status":"closed","template":"","meta":{"site-sidebar-layout":"default","site-content-layout":"","ast-site-content-layout":"default","site-content-style":"default","site-sidebar-style":"default","ast-global-header-display":"","ast-banner-title-visibility":"","ast-main-header-display":"","ast-hfb-above-header-display":"","ast-hfb-below-header-display":"","ast-hfb-mobile-header-display":"","site-post-title":"","ast-breadcrumbs-content":"","ast-featured-img":"","footer-sml-layout":"","ast-disable-related-posts":"","theme-transparent-header-meta":"default","adv-header-id-meta":"","stick-header-meta":"","header-above-stick-meta":"","header-main-stick-meta":"","header-below-stick-meta":"","astra-migrate-meta-layouts":"set","ast-page-background-enabled":"default","ast-page-background-meta":{"desktop":{"background-color":"var(--ast-global-color-5)","background-image":"","background-repeat":"repeat","background-position":"center center","background-size":"auto","background-attachment":"scroll","background-type":"","background-media":"","overlay-type":"","overlay-color":"","overlay-opacity":"","overlay-gradient":""},"tablet":{"background-color":"","background-image":"","background-repeat":"repeat","background-position":"center center","background-size":"auto","background-attachment":"scroll","background-type":"","background-media":"","overlay-type":"","overlay-color":"","overlay-opacity":"","overlay-gradient":""},"mobile":{"background-color":"","background-image":"","background-repeat":"repeat","background-position":"center center","background-size":"auto","background-attachment":"scroll","background-type":"","background-media":"","overlay-type":"","overlay-color":"","overlay-opacity":"","overlay-gradient":""}},"ast-content-background-meta":{"desktop":{"background-color":"var(--ast-global-color-4)","background-image":"","background-repeat":"repeat","background-position":"center center","background-size":"auto","background-attachment":"scroll","background-type":"","background-media":"","overlay-type":"","overlay-color":"","overlay-opacity":"","overlay-gradient":""},"tablet":{"background-color":"var(--ast-global-color-4)","background-image":"","background-repeat":"repeat","background-position":"center center","background-size":"auto","background-attachment":"scroll","background-type":"","background-media":"","overlay-type":"","overlay-color":"","overlay-opacity":"","overlay-gradient":""},"mobile":{"background-color":"var(--ast-global-color-4)","background-image":"","background-repeat":"repeat","background-position":"center center","background-size":"auto","background-attachment":"scroll","background-type":"","background-media":"","overlay-type":"","overlay-color":"","overlay-opacity":"","overlay-gradient":""}}},"product_brand":[],"product_cat":[27,28],"product_tag":[76,72,74,73],"class_list":{"0":"post-1332","1":"product","2":"type-product","3":"status-publish","4":"has-post-thumbnail","6":"product_cat-eclairage","7":"product_cat-lampes-et-tubes","8":"product_tag-bureau","9":"product_tag-chambre","10":"product_tag-cuisine","11":"product_tag-salon","12":"desktop-align-left","13":"tablet-align-left","14":"mobile-align-center","16":"first","17":"instock","18":"taxable","19":"shipping-taxable","20":"purchasable","21":"product-type-simple"},"_links":{"self":[{"href":"https:\/\/dev.lumins.tn\/index.php?rest_route=\/wp\/v2\/product\/1332","targetHints":{"allow":["GET"]}}],"collection":[{"href":"https:\/\/dev.lumins.tn\/index.php?rest_route=\/wp\/v2\/product"}],"about":[{"href":"https:\/\/dev.lumins.tn\/index.php?rest_route=\/wp\/v2\/types\/product"}],"replies":[{"embeddable":true,"href":"https:\/\/dev.lumins.tn\/index.php?rest_route=%2Fwp%2Fv2%2Fcomments&post=1332"}],"version-history":[{"count":2,"href":"https:\/\/dev.lumins.tn\/index.php?rest_route=\/wp\/v2\/product\/1332\/revisions"}],"predecessor-version":[{"id":1334,"href":"https:\/\/dev.lumins.tn\/index.php?rest_route=\/wp\/v2\/product\/1332\/revisions\/1334"}],"wp:featuredmedia":[{"embeddable":true,"href":"https:\/\/dev.lumins.tn\/index.php?rest_route=\/wp\/v2\/media\/1256"}],"wp:attachment":[{"href":"https:\/\/dev.lumins.tn\/index.php?rest_route=%2Fwp%2Fv2%2Fmedia&parent=1332"}],"wp:term":[{"taxonomy":"product_brand","embeddable":true,"href":"https:\/\/dev.lumins.tn\/index.php?rest_route=%2Fwp%2Fv2%2Fproduct_brand&post=1332"},{"taxonomy":"product_cat","embeddable":true,"href":"https:\/\/dev.lumins.tn\/index.php?rest_route=%2Fwp%2Fv2%2Fproduct_cat&post=1332"},{"taxonomy":"product_tag","embeddable":true,"href":"https:\/\/dev.lumins.tn\/index.php?rest_route=%2Fwp%2Fv2%2Fproduct_tag&post=1332"}],"curies":[{"name":"wp","href":"https:\/\/api.w.org\/{rel}","templated":true}]}}