{"id":1286,"date":"2026-03-12T09:47:50","date_gmt":"2026-03-12T09:47:50","guid":{"rendered":"https:\/\/dev.lumins.tn\/?product=lampe-7w-gu10-6500k-4000k-siame-global"},"modified":"2026-03-12T09:55:54","modified_gmt":"2026-03-12T09:55:54","slug":"lampe-7w-gu10-6500k-4000k-siame-global","status":"publish","type":"product","link":"https:\/\/dev.lumins.tn\/?product=lampe-7w-gu10-6500k-4000k-siame-global","title":{"rendered":"LAMPE 7W GU10 SIAME"},"content":{"rendered":"<p>La <strong data-start=\"109\" data-end=\"136\">lampe LED 7W GU10 SIAME<\/strong> est un spot d\u2019\u00e9clairage moderne con\u00e7u pour les plafonniers et luminaires encastr\u00e9s. Elle fonctionne directement sur le r\u00e9seau <strong data-start=\"263\" data-end=\"275\">220V<\/strong> avec un <strong data-start=\"284\" data-end=\"298\">culot GU10<\/strong>, offrant un \u00e9clairage \u00e9conomique et performant pour les espaces r\u00e9sidentiels ou professionnels.<\/p>\n","protected":false},"excerpt":{"rendered":"<ul>\n<li data-section-id=\"1nc6fdx\" data-start=\"469\" data-end=\"496\">\n<p data-start=\"471\" data-end=\"496\"><strong data-start=\"471\" data-end=\"486\">Puissance :<\/strong> 7 Watts<\/p>\n<\/li>\n<li data-section-id=\"1bm6p40\" data-start=\"497\" data-end=\"517\">\n<p data-start=\"499\" data-end=\"517\"><strong data-start=\"499\" data-end=\"510\">Culot :<\/strong> GU10<\/p>\n<\/li>\n<li data-section-id=\"zcx897\" data-start=\"518\" data-end=\"544\">\n<p data-start=\"520\" data-end=\"544\"><strong data-start=\"520\" data-end=\"533\">Tension :<\/strong> 220V<\/p>\n<\/li>\n<li data-section-id=\"kvybwt\" data-start=\"545\" data-end=\"668\">\n<p data-start=\"547\" data-end=\"577\"><strong data-start=\"547\" data-end=\"575\">Temp\u00e9rature de couleur :<\/strong><\/p>\n<ul data-start=\"580\" data-end=\"668\">\n<li data-section-id=\"aiu0ju\" data-start=\"580\" data-end=\"607\">\n<p data-start=\"582\" data-end=\"607\"><strong data-start=\"582\" data-end=\"591\">3000K<\/strong> \u2013 Jaune<\/p>\n<\/li>\n<li data-section-id=\"1xlh163\" data-start=\"610\" data-end=\"638\">\n<p data-start=\"612\" data-end=\"638\"><strong data-start=\"612\" data-end=\"621\">4000K<\/strong> \u2013 Lumiere du jour<\/p>\n<ul data-start=\"580\" data-end=\"668\">\n<li data-section-id=\"g8wq1z\" data-start=\"641\" data-end=\"668\">\n<p data-start=\"643\" data-end=\"668\"><strong data-start=\"643\" data-end=\"652\">6500K<\/strong> \u2013 Blanc<\/p>\n<\/li>\n<\/ul>\n<\/li>\n<\/ul>\n<\/li>\n<\/ul>\n","protected":false},"featured_media":1274,"comment_status":"open","ping_status":"closed","template":"","meta":{"site-sidebar-layout":"default","site-content-layout":"","ast-site-content-layout":"default","site-content-style":"default","site-sidebar-style":"default","ast-global-header-display":"","ast-banner-title-visibility":"","ast-main-header-display":"","ast-hfb-above-header-display":"","ast-hfb-below-header-display":"","ast-hfb-mobile-header-display":"","site-post-title":"","ast-breadcrumbs-content":"","ast-featured-img":"","footer-sml-layout":"","ast-disable-related-posts":"","theme-transparent-header-meta":"default","adv-header-id-meta":"","stick-header-meta":"","header-above-stick-meta":"","header-main-stick-meta":"","header-below-stick-meta":"","astra-migrate-meta-layouts":"set","ast-page-background-enabled":"default","ast-page-background-meta":{"desktop":{"background-color":"var(--ast-global-color-5)","background-image":"","background-repeat":"repeat","background-position":"center center","background-size":"auto","background-attachment":"scroll","background-type":"","background-media":"","overlay-type":"","overlay-color":"","overlay-opacity":"","overlay-gradient":""},"tablet":{"background-color":"","background-image":"","background-repeat":"repeat","background-position":"center center","background-size":"auto","background-attachment":"scroll","background-type":"","background-media":"","overlay-type":"","overlay-color":"","overlay-opacity":"","overlay-gradient":""},"mobile":{"background-color":"","background-image":"","background-repeat":"repeat","background-position":"center center","background-size":"auto","background-attachment":"scroll","background-type":"","background-media":"","overlay-type":"","overlay-color":"","overlay-opacity":"","overlay-gradient":""}},"ast-content-background-meta":{"desktop":{"background-color":"var(--ast-global-color-4)","background-image":"","background-repeat":"repeat","background-position":"center center","background-size":"auto","background-attachment":"scroll","background-type":"","background-media":"","overlay-type":"","overlay-color":"","overlay-opacity":"","overlay-gradient":""},"tablet":{"background-color":"var(--ast-global-color-4)","background-image":"","background-repeat":"repeat","background-position":"center center","background-size":"auto","background-attachment":"scroll","background-type":"","background-media":"","overlay-type":"","overlay-color":"","overlay-opacity":"","overlay-gradient":""},"mobile":{"background-color":"var(--ast-global-color-4)","background-image":"","background-repeat":"repeat","background-position":"center center","background-size":"auto","background-attachment":"scroll","background-type":"","background-media":"","overlay-type":"","overlay-color":"","overlay-opacity":"","overlay-gradient":""}}},"product_brand":[],"product_cat":[27,28],"product_tag":[76,72,67,73],"class_list":{"0":"post-1286","1":"product","2":"type-product","3":"status-publish","4":"has-post-thumbnail","6":"product_cat-eclairage","7":"product_cat-lampes-et-tubes","8":"product_tag-bureau","9":"product_tag-chambre","10":"product_tag-maison","11":"product_tag-salon","12":"desktop-align-left","13":"tablet-align-left","14":"mobile-align-center","16":"first","17":"instock","18":"taxable","19":"shipping-taxable","20":"purchasable","21":"product-type-simple"},"_links":{"self":[{"href":"https:\/\/dev.lumins.tn\/index.php?rest_route=\/wp\/v2\/product\/1286","targetHints":{"allow":["GET"]}}],"collection":[{"href":"https:\/\/dev.lumins.tn\/index.php?rest_route=\/wp\/v2\/product"}],"about":[{"href":"https:\/\/dev.lumins.tn\/index.php?rest_route=\/wp\/v2\/types\/product"}],"replies":[{"embeddable":true,"href":"https:\/\/dev.lumins.tn\/index.php?rest_route=%2Fwp%2Fv2%2Fcomments&post=1286"}],"version-history":[{"count":2,"href":"https:\/\/dev.lumins.tn\/index.php?rest_route=\/wp\/v2\/product\/1286\/revisions"}],"predecessor-version":[{"id":1288,"href":"https:\/\/dev.lumins.tn\/index.php?rest_route=\/wp\/v2\/product\/1286\/revisions\/1288"}],"wp:featuredmedia":[{"embeddable":true,"href":"https:\/\/dev.lumins.tn\/index.php?rest_route=\/wp\/v2\/media\/1274"}],"wp:attachment":[{"href":"https:\/\/dev.lumins.tn\/index.php?rest_route=%2Fwp%2Fv2%2Fmedia&parent=1286"}],"wp:term":[{"taxonomy":"product_brand","embeddable":true,"href":"https:\/\/dev.lumins.tn\/index.php?rest_route=%2Fwp%2Fv2%2Fproduct_brand&post=1286"},{"taxonomy":"product_cat","embeddable":true,"href":"https:\/\/dev.lumins.tn\/index.php?rest_route=%2Fwp%2Fv2%2Fproduct_cat&post=1286"},{"taxonomy":"product_tag","embeddable":true,"href":"https:\/\/dev.lumins.tn\/index.php?rest_route=%2Fwp%2Fv2%2Fproduct_tag&post=1286"}],"curies":[{"name":"wp","href":"https:\/\/api.w.org\/{rel}","templated":true}]}}