{"id":1175,"date":"2026-02-26T11:00:41","date_gmt":"2026-02-26T11:00:41","guid":{"rendered":"https:\/\/dev.lumins.tn\/?product=socle-mr16-orientable-triple-carre-blanc"},"modified":"2026-02-26T11:02:55","modified_gmt":"2026-02-26T11:02:55","slug":"socle-mr16-orientable-triple-carre-blanc","status":"publish","type":"product","link":"https:\/\/dev.lumins.tn\/?product=socle-mr16-orientable-triple-carre-blanc","title":{"rendered":"SOCLE ORIENTABLE TRIPLE CARRE BLANC"},"content":{"rendered":"<p>Le <strong data-start=\"80\" data-end=\"144\">socle MR16 orientable triple, forme carr\u00e9e, finition blanche<\/strong>, est un support d\u2019\u00e9clairage moderne con\u00e7u pour accueillir <strong data-start=\"203\" data-end=\"240\">trois ampoules MR16\u00a0 GU10<\/strong>. Chaque spot est <strong data-start=\"258\" data-end=\"287\">orientable ind\u00e9pendamment<\/strong>, permettant un \u00e9clairage cibl\u00e9 et modulable, id\u00e9al pour les plafonds int\u00e9rieurs, bureaux,\u00a0 ou espaces r\u00e9sidentiels.<\/p>\n","protected":false},"excerpt":{"rendered":"<p><strong data-start=\"168\" data-end=\"185\">D\u00e9signation :<\/strong> Socle\u00a0 orientable triple<br data-start=\"214\" data-end=\"217\" \/><strong data-start=\"217\" data-end=\"228\">Forme :<\/strong> Carr\u00e9e<br data-start=\"235\" data-end=\"238\" \/><strong data-start=\"238\" data-end=\"251\">Couleur :<\/strong> Blanc<br data-start=\"257\" data-end=\"260\" \/><strong data-start=\"260\" data-end=\"270\">Type :<\/strong> Triple socle orientable<br data-start=\"294\" data-end=\"297\" \/><strong data-start=\"297\" data-end=\"315\">Installation :<\/strong> Encastrable plafond \/ faux plafond<br data-start=\"350\" data-end=\"353\" \/><strong data-start=\"353\" data-end=\"364\">Usage :<\/strong> Int\u00e9rieur (habitations, bureaux, , commerces)<\/p>\n","protected":false},"featured_media":1115,"comment_status":"open","ping_status":"closed","template":"","meta":{"site-sidebar-layout":"default","site-content-layout":"","ast-site-content-layout":"default","site-content-style":"default","site-sidebar-style":"default","ast-global-header-display":"","ast-banner-title-visibility":"","ast-main-header-display":"","ast-hfb-above-header-display":"","ast-hfb-below-header-display":"","ast-hfb-mobile-header-display":"","site-post-title":"","ast-breadcrumbs-content":"","ast-featured-img":"","footer-sml-layout":"","ast-disable-related-posts":"","theme-transparent-header-meta":"default","adv-header-id-meta":"","stick-header-meta":"","header-above-stick-meta":"","header-main-stick-meta":"","header-below-stick-meta":"","astra-migrate-meta-layouts":"set","ast-page-background-enabled":"default","ast-page-background-meta":{"desktop":{"background-color":"var(--ast-global-color-5)","background-image":"","background-repeat":"repeat","background-position":"center center","background-size":"auto","background-attachment":"scroll","background-type":"","background-media":"","overlay-type":"","overlay-color":"","overlay-opacity":"","overlay-gradient":""},"tablet":{"background-color":"","background-image":"","background-repeat":"repeat","background-position":"center center","background-size":"auto","background-attachment":"scroll","background-type":"","background-media":"","overlay-type":"","overlay-color":"","overlay-opacity":"","overlay-gradient":""},"mobile":{"background-color":"","background-image":"","background-repeat":"repeat","background-position":"center center","background-size":"auto","background-attachment":"scroll","background-type":"","background-media":"","overlay-type":"","overlay-color":"","overlay-opacity":"","overlay-gradient":""}},"ast-content-background-meta":{"desktop":{"background-color":"var(--ast-global-color-4)","background-image":"","background-repeat":"repeat","background-position":"center center","background-size":"auto","background-attachment":"scroll","background-type":"","background-media":"","overlay-type":"","overlay-color":"","overlay-opacity":"","overlay-gradient":""},"tablet":{"background-color":"var(--ast-global-color-4)","background-image":"","background-repeat":"repeat","background-position":"center center","background-size":"auto","background-attachment":"scroll","background-type":"","background-media":"","overlay-type":"","overlay-color":"","overlay-opacity":"","overlay-gradient":""},"mobile":{"background-color":"var(--ast-global-color-4)","background-image":"","background-repeat":"repeat","background-position":"center center","background-size":"auto","background-attachment":"scroll","background-type":"","background-media":"","overlay-type":"","overlay-color":"","overlay-opacity":"","overlay-gradient":""}}},"product_brand":[],"product_cat":[29],"product_tag":[76,72,74,73],"class_list":{"0":"post-1175","1":"product","2":"type-product","3":"status-publish","4":"has-post-thumbnail","6":"product_cat-socles-spots-mr16","7":"product_tag-bureau","8":"product_tag-chambre","9":"product_tag-cuisine","10":"product_tag-salon","11":"desktop-align-left","12":"tablet-align-left","13":"mobile-align-center","15":"first","16":"instock","17":"taxable","18":"shipping-taxable","19":"purchasable","20":"product-type-simple"},"_links":{"self":[{"href":"https:\/\/dev.lumins.tn\/index.php?rest_route=\/wp\/v2\/product\/1175","targetHints":{"allow":["GET"]}}],"collection":[{"href":"https:\/\/dev.lumins.tn\/index.php?rest_route=\/wp\/v2\/product"}],"about":[{"href":"https:\/\/dev.lumins.tn\/index.php?rest_route=\/wp\/v2\/types\/product"}],"replies":[{"embeddable":true,"href":"https:\/\/dev.lumins.tn\/index.php?rest_route=%2Fwp%2Fv2%2Fcomments&post=1175"}],"version-history":[{"count":2,"href":"https:\/\/dev.lumins.tn\/index.php?rest_route=\/wp\/v2\/product\/1175\/revisions"}],"predecessor-version":[{"id":1177,"href":"https:\/\/dev.lumins.tn\/index.php?rest_route=\/wp\/v2\/product\/1175\/revisions\/1177"}],"wp:featuredmedia":[{"embeddable":true,"href":"https:\/\/dev.lumins.tn\/index.php?rest_route=\/wp\/v2\/media\/1115"}],"wp:attachment":[{"href":"https:\/\/dev.lumins.tn\/index.php?rest_route=%2Fwp%2Fv2%2Fmedia&parent=1175"}],"wp:term":[{"taxonomy":"product_brand","embeddable":true,"href":"https:\/\/dev.lumins.tn\/index.php?rest_route=%2Fwp%2Fv2%2Fproduct_brand&post=1175"},{"taxonomy":"product_cat","embeddable":true,"href":"https:\/\/dev.lumins.tn\/index.php?rest_route=%2Fwp%2Fv2%2Fproduct_cat&post=1175"},{"taxonomy":"product_tag","embeddable":true,"href":"https:\/\/dev.lumins.tn\/index.php?rest_route=%2Fwp%2Fv2%2Fproduct_tag&post=1175"}],"curies":[{"name":"wp","href":"https:\/\/api.w.org\/{rel}","templated":true}]}}