{"id":1163,"date":"2026-02-26T10:19:39","date_gmt":"2026-02-26T10:19:39","guid":{"rendered":"https:\/\/dev.lumins.tn\/?product=socle-spot-rond-blanc-noir-avec-retrait-alluminuim-mr16"},"modified":"2026-02-26T10:41:48","modified_gmt":"2026-02-26T10:41:48","slug":"socle-spot-rond-blanc-noir-avec-retrait-alluminuim-mr16","status":"publish","type":"product","link":"https:\/\/dev.lumins.tn\/?product=socle-spot-rond-blanc-noir-avec-retrait-alluminuim-mr16","title":{"rendered":"SOCLE ROND NOIR AVEC RETRAIT ALLUMINUIM"},"content":{"rendered":"<p>Le <strong data-start=\"182\" data-end=\"232\">socle spot rond noir avec retrait en aluminium<\/strong> est un support d\u2019\u00e9clairage moderne et \u00e9l\u00e9gant, con\u00e7u pour un rendu discret et esth\u00e9tique. Sa structure en aluminium et son retrait bomb\u00e9 permettent une int\u00e9gration harmonieuse dans tous types de plafonds ou faux plafonds, tout en assurant une bonne dissipation thermique et une installation s\u00e9curis\u00e9e.<\/p>\n","protected":false},"excerpt":{"rendered":"<p data-start=\"536\" data-end=\"575\"><strong data-start=\"539\" data-end=\"573\">Caract\u00e9ristiques principales :<\/strong><\/p>\n<ul data-start=\"576\" data-end=\"932\">\n<li data-start=\"576\" data-end=\"609\">\n<p data-start=\"578\" data-end=\"609\">\ud83d\udccc <strong data-start=\"581\" data-end=\"591\">Type :<\/strong> Socle spot fixe<\/p>\n<\/li>\n<li data-start=\"610\" data-end=\"633\">\n<p data-start=\"612\" data-end=\"633\"><strong data-start=\"614\" data-end=\"625\">Forme :<\/strong> Ronde<\/p>\n<\/li>\n<li data-start=\"634\" data-end=\"666\">\n<p data-start=\"636\" data-end=\"666\"><strong data-start=\"638\" data-end=\"651\">Couleur :<\/strong> Noir discret<\/p>\n<\/li>\n<li data-start=\"667\" data-end=\"727\">\n<p data-start=\"669\" data-end=\"727\"><strong data-start=\"673\" data-end=\"687\">Mat\u00e9riau :<\/strong> Aluminium\u00a0 avec finition noire<\/p>\n<\/li>\n<li data-start=\"728\" data-end=\"787\">\n<p data-start=\"730\" data-end=\"787\"><strong data-start=\"733\" data-end=\"745\">Design :<\/strong> Retrait bomb\u00e9 pour int\u00e9gration discr\u00e8te\u00a0 \u00a0 \u00a0 \u00a0 \u00a0 \u00a0 \u00a0 \u00a0 \u00a0 \u00a0 \u00a0 \u00a0 \u00a0 \u00a0 \u00a0 \u00a0 \u00a0 \u00a0 \u00a0 \u00a0 \u00a0 \u00a0 \u00a0 \u00a0 \u00a0 \u00a0 \u00a0 \u00a0 \u00a0 \u00a0 \u00a0 \u00a0 \u00a0 \u00a0 \u00a0 \u00a0 \u00a0 \u00a0 \u00a0 \u00a0 \u00a0 \u00a0 \u00a0 \u00a0 \u00a0 \u00a0 \u00a0 \u00a0 \u00a0 \u00a0 \u00a0 \u00a0 \u00a0 \u00a0 \u00a0 \u00a0 \u00a0 \u00a0 \u00a0 \u00a0 \u00a0 \u00a0 \u00a0 \u00a0 \u00a0 \u00a0 \u00a0 \u00a0 \u00a0 \u00a0 \u00a0 \u00a0 \u00a0 \u00a0 \u00a0 \u00a0 \u00a0 \u00a0 \u00a0 \u00a0 \u00a0 \u00a0 \u00a0 \u00a0 \u00a0 \u00a0 \u00a0 \u00a0 \u00a0 \u00a0 \u00a0 \u00a0 \u00a0 \u00a0 \u00a0 \u00a0 \u00a0 <strong data-start=\"1419\" data-end=\"1430\">Usage :<\/strong> Int\u00e9rieur<\/p>\n<\/li>\n<li data-start=\"788\" data-end=\"840\">\n<p data-start=\"790\" data-end=\"840\">\n<\/li>\n<\/ul>\n","protected":false},"featured_media":1093,"comment_status":"open","ping_status":"closed","template":"","meta":{"site-sidebar-layout":"default","site-content-layout":"","ast-site-content-layout":"default","site-content-style":"default","site-sidebar-style":"default","ast-global-header-display":"","ast-banner-title-visibility":"","ast-main-header-display":"","ast-hfb-above-header-display":"","ast-hfb-below-header-display":"","ast-hfb-mobile-header-display":"","site-post-title":"","ast-breadcrumbs-content":"","ast-featured-img":"","footer-sml-layout":"","ast-disable-related-posts":"","theme-transparent-header-meta":"default","adv-header-id-meta":"","stick-header-meta":"","header-above-stick-meta":"","header-main-stick-meta":"","header-below-stick-meta":"","astra-migrate-meta-layouts":"set","ast-page-background-enabled":"default","ast-page-background-meta":{"desktop":{"background-color":"var(--ast-global-color-5)","background-image":"","background-repeat":"repeat","background-position":"center center","background-size":"auto","background-attachment":"scroll","background-type":"","background-media":"","overlay-type":"","overlay-color":"","overlay-opacity":"","overlay-gradient":""},"tablet":{"background-color":"","background-image":"","background-repeat":"repeat","background-position":"center center","background-size":"auto","background-attachment":"scroll","background-type":"","background-media":"","overlay-type":"","overlay-color":"","overlay-opacity":"","overlay-gradient":""},"mobile":{"background-color":"","background-image":"","background-repeat":"repeat","background-position":"center center","background-size":"auto","background-attachment":"scroll","background-type":"","background-media":"","overlay-type":"","overlay-color":"","overlay-opacity":"","overlay-gradient":""}},"ast-content-background-meta":{"desktop":{"background-color":"var(--ast-global-color-4)","background-image":"","background-repeat":"repeat","background-position":"center center","background-size":"auto","background-attachment":"scroll","background-type":"","background-media":"","overlay-type":"","overlay-color":"","overlay-opacity":"","overlay-gradient":""},"tablet":{"background-color":"var(--ast-global-color-4)","background-image":"","background-repeat":"repeat","background-position":"center center","background-size":"auto","background-attachment":"scroll","background-type":"","background-media":"","overlay-type":"","overlay-color":"","overlay-opacity":"","overlay-gradient":""},"mobile":{"background-color":"var(--ast-global-color-4)","background-image":"","background-repeat":"repeat","background-position":"center center","background-size":"auto","background-attachment":"scroll","background-type":"","background-media":"","overlay-type":"","overlay-color":"","overlay-opacity":"","overlay-gradient":""}}},"product_brand":[],"product_cat":[29],"product_tag":[76,72,73],"class_list":{"0":"post-1163","1":"product","2":"type-product","3":"status-publish","4":"has-post-thumbnail","6":"product_cat-socles-spots-mr16","7":"product_tag-bureau","8":"product_tag-chambre","9":"product_tag-salon","10":"desktop-align-left","11":"tablet-align-left","12":"mobile-align-center","14":"first","15":"instock","16":"taxable","17":"shipping-taxable","18":"purchasable","19":"product-type-simple"},"_links":{"self":[{"href":"https:\/\/dev.lumins.tn\/index.php?rest_route=\/wp\/v2\/product\/1163","targetHints":{"allow":["GET"]}}],"collection":[{"href":"https:\/\/dev.lumins.tn\/index.php?rest_route=\/wp\/v2\/product"}],"about":[{"href":"https:\/\/dev.lumins.tn\/index.php?rest_route=\/wp\/v2\/types\/product"}],"replies":[{"embeddable":true,"href":"https:\/\/dev.lumins.tn\/index.php?rest_route=%2Fwp%2Fv2%2Fcomments&post=1163"}],"version-history":[{"count":2,"href":"https:\/\/dev.lumins.tn\/index.php?rest_route=\/wp\/v2\/product\/1163\/revisions"}],"predecessor-version":[{"id":1165,"href":"https:\/\/dev.lumins.tn\/index.php?rest_route=\/wp\/v2\/product\/1163\/revisions\/1165"}],"wp:featuredmedia":[{"embeddable":true,"href":"https:\/\/dev.lumins.tn\/index.php?rest_route=\/wp\/v2\/media\/1093"}],"wp:attachment":[{"href":"https:\/\/dev.lumins.tn\/index.php?rest_route=%2Fwp%2Fv2%2Fmedia&parent=1163"}],"wp:term":[{"taxonomy":"product_brand","embeddable":true,"href":"https:\/\/dev.lumins.tn\/index.php?rest_route=%2Fwp%2Fv2%2Fproduct_brand&post=1163"},{"taxonomy":"product_cat","embeddable":true,"href":"https:\/\/dev.lumins.tn\/index.php?rest_route=%2Fwp%2Fv2%2Fproduct_cat&post=1163"},{"taxonomy":"product_tag","embeddable":true,"href":"https:\/\/dev.lumins.tn\/index.php?rest_route=%2Fwp%2Fv2%2Fproduct_tag&post=1163"}],"curies":[{"name":"wp","href":"https:\/\/api.w.org\/{rel}","templated":true}]}}