{"id":1154,"date":"2026-02-26T10:06:40","date_gmt":"2026-02-26T10:06:40","guid":{"rendered":"https:\/\/dev.lumins.tn\/?product=socle-plastique-rond-orientable-blanc"},"modified":"2026-02-26T10:10:09","modified_gmt":"2026-02-26T10:10:09","slug":"socle-plastique-rond-orientable-blanc","status":"publish","type":"product","link":"https:\/\/dev.lumins.tn\/?product=socle-plastique-rond-orientable-blanc","title":{"rendered":"SOCLE PLASTIQUE ROND ORIENTABLE BLANC"},"content":{"rendered":"<p>Le <strong data-start=\"75\" data-end=\"129\">socle rond orientable en plastique, finition blanc<\/strong>, est un support d\u2019\u00e9clairage pratique et esth\u00e9tique permettant d\u2019orienter la source lumineuse selon vos besoins. Id\u00e9al pour un \u00e9clairage directionnel, il convient parfaitement aux espaces r\u00e9sidentiels et professionnels.<\/p>\n","protected":false},"excerpt":{"rendered":"<p data-start=\"350\" data-end=\"389\"><strong data-start=\"353\" data-end=\"387\">Caract\u00e9ristiques principales :<\/strong><\/p>\n<ul data-start=\"390\" data-end=\"740\">\n<li data-start=\"390\" data-end=\"424\">\n<p data-start=\"392\" data-end=\"424\"><strong data-start=\"395\" data-end=\"405\">Type :<\/strong> Socle orientable<\/p>\n<\/li>\n<li data-start=\"425\" data-end=\"448\">\n<p data-start=\"427\" data-end=\"448\"><strong data-start=\"429\" data-end=\"440\">Forme :<\/strong> Ronde<\/p>\n<\/li>\n<li data-start=\"449\" data-end=\"474\">\n<p data-start=\"451\" data-end=\"474\"><strong data-start=\"453\" data-end=\"466\">Couleur :<\/strong> Blanc<\/p>\n<\/li>\n<li data-start=\"475\" data-end=\"525\">\n<p data-start=\"477\" data-end=\"525\"><strong data-start=\"480\" data-end=\"494\">Mat\u00e9riau :<\/strong> Plastique r\u00e9sistant et l\u00e9ger<\/p>\n<\/li>\n<li data-start=\"526\" data-end=\"589\">\n<p data-start=\"528\" data-end=\"589\"><strong data-start=\"531\" data-end=\"548\">Orientation :<\/strong> T\u00eate ajustable pour diriger la lumi\u00e8re<\/p>\n<\/li>\n<li data-start=\"590\" data-end=\"652\">\n<p data-start=\"592\" data-end=\"652\"><strong data-start=\"595\" data-end=\"613\">Installation :<\/strong> Montage simple et fixation s\u00e9curis\u00e9e<\/p>\n<\/li>\n<li data-start=\"653\" data-end=\"740\">\n<p data-start=\"655\" data-end=\"740\"><strong data-start=\"658\" data-end=\"675\">Utilisation :<\/strong> Plafonds, faux plafonds, , couloirs, bureaux, magasins<\/p>\n<\/li>\n<\/ul>\n","protected":false},"featured_media":1104,"comment_status":"open","ping_status":"closed","template":"","meta":{"site-sidebar-layout":"default","site-content-layout":"","ast-site-content-layout":"default","site-content-style":"default","site-sidebar-style":"default","ast-global-header-display":"","ast-banner-title-visibility":"","ast-main-header-display":"","ast-hfb-above-header-display":"","ast-hfb-below-header-display":"","ast-hfb-mobile-header-display":"","site-post-title":"","ast-breadcrumbs-content":"","ast-featured-img":"","footer-sml-layout":"","ast-disable-related-posts":"","theme-transparent-header-meta":"default","adv-header-id-meta":"","stick-header-meta":"","header-above-stick-meta":"","header-main-stick-meta":"","header-below-stick-meta":"","astra-migrate-meta-layouts":"set","ast-page-background-enabled":"default","ast-page-background-meta":{"desktop":{"background-color":"var(--ast-global-color-5)","background-image":"","background-repeat":"repeat","background-position":"center center","background-size":"auto","background-attachment":"scroll","background-type":"","background-media":"","overlay-type":"","overlay-color":"","overlay-opacity":"","overlay-gradient":""},"tablet":{"background-color":"","background-image":"","background-repeat":"repeat","background-position":"center center","background-size":"auto","background-attachment":"scroll","background-type":"","background-media":"","overlay-type":"","overlay-color":"","overlay-opacity":"","overlay-gradient":""},"mobile":{"background-color":"","background-image":"","background-repeat":"repeat","background-position":"center center","background-size":"auto","background-attachment":"scroll","background-type":"","background-media":"","overlay-type":"","overlay-color":"","overlay-opacity":"","overlay-gradient":""}},"ast-content-background-meta":{"desktop":{"background-color":"var(--ast-global-color-4)","background-image":"","background-repeat":"repeat","background-position":"center center","background-size":"auto","background-attachment":"scroll","background-type":"","background-media":"","overlay-type":"","overlay-color":"","overlay-opacity":"","overlay-gradient":""},"tablet":{"background-color":"var(--ast-global-color-4)","background-image":"","background-repeat":"repeat","background-position":"center center","background-size":"auto","background-attachment":"scroll","background-type":"","background-media":"","overlay-type":"","overlay-color":"","overlay-opacity":"","overlay-gradient":""},"mobile":{"background-color":"var(--ast-global-color-4)","background-image":"","background-repeat":"repeat","background-position":"center center","background-size":"auto","background-attachment":"scroll","background-type":"","background-media":"","overlay-type":"","overlay-color":"","overlay-opacity":"","overlay-gradient":""}}},"product_brand":[],"product_cat":[29],"product_tag":[76,72,74,73],"class_list":{"0":"post-1154","1":"product","2":"type-product","3":"status-publish","4":"has-post-thumbnail","6":"product_cat-socles-spots-mr16","7":"product_tag-bureau","8":"product_tag-chambre","9":"product_tag-cuisine","10":"product_tag-salon","11":"desktop-align-left","12":"tablet-align-left","13":"mobile-align-center","15":"first","16":"instock","17":"taxable","18":"shipping-taxable","19":"purchasable","20":"product-type-simple"},"_links":{"self":[{"href":"https:\/\/dev.lumins.tn\/index.php?rest_route=\/wp\/v2\/product\/1154","targetHints":{"allow":["GET"]}}],"collection":[{"href":"https:\/\/dev.lumins.tn\/index.php?rest_route=\/wp\/v2\/product"}],"about":[{"href":"https:\/\/dev.lumins.tn\/index.php?rest_route=\/wp\/v2\/types\/product"}],"replies":[{"embeddable":true,"href":"https:\/\/dev.lumins.tn\/index.php?rest_route=%2Fwp%2Fv2%2Fcomments&post=1154"}],"version-history":[{"count":2,"href":"https:\/\/dev.lumins.tn\/index.php?rest_route=\/wp\/v2\/product\/1154\/revisions"}],"predecessor-version":[{"id":1156,"href":"https:\/\/dev.lumins.tn\/index.php?rest_route=\/wp\/v2\/product\/1154\/revisions\/1156"}],"wp:featuredmedia":[{"embeddable":true,"href":"https:\/\/dev.lumins.tn\/index.php?rest_route=\/wp\/v2\/media\/1104"}],"wp:attachment":[{"href":"https:\/\/dev.lumins.tn\/index.php?rest_route=%2Fwp%2Fv2%2Fmedia&parent=1154"}],"wp:term":[{"taxonomy":"product_brand","embeddable":true,"href":"https:\/\/dev.lumins.tn\/index.php?rest_route=%2Fwp%2Fv2%2Fproduct_brand&post=1154"},{"taxonomy":"product_cat","embeddable":true,"href":"https:\/\/dev.lumins.tn\/index.php?rest_route=%2Fwp%2Fv2%2Fproduct_cat&post=1154"},{"taxonomy":"product_tag","embeddable":true,"href":"https:\/\/dev.lumins.tn\/index.php?rest_route=%2Fwp%2Fv2%2Fproduct_tag&post=1154"}],"curies":[{"name":"wp","href":"https:\/\/api.w.org\/{rel}","templated":true}]}}